CRAN Package Check Results for Package heiscore

Last updated on 2025-04-30 04:50:08 CEST.

Flavor Version Tinstall Tcheck Ttotal Status Flags
r-devel-linux-x86_64-debian-clang 0.1.4 20.99 53.44 74.43 NOTE
r-devel-linux-x86_64-debian-gcc 0.1.4 15.28 38.60 53.88 OK
r-devel-linux-x86_64-fedora-clang 0.1.4 99.28 OK
r-devel-linux-x86_64-fedora-gcc 0.1.4 95.65 OK
r-devel-windows-x86_64 0.1.4 22.00 60.00 82.00 OK
r-patched-linux-x86_64 0.1.4 19.22 39.11 58.33 OK
r-release-linux-x86_64 0.1.4 21.69 39.02 60.71 OK
r-release-macos-arm64 0.1.4 63.00 OK
r-release-macos-x86_64 0.1.4 61.00 OK
r-release-windows-x86_64 0.1.4 22.00 58.00 80.00 OK
r-oldrel-macos-arm64 0.1.4 36.00 OK
r-oldrel-macos-x86_64 0.1.4 57.00 OK
r-oldrel-windows-x86_64 0.1.4 29.00 67.00 96.00 OK

Check Details

Version: 0.1.4
Check: examples
Result: NOTE Examples with CPU (user + system) or elapsed time > 5s user system elapsed plotScore 6.673 0.162 8.112 score 4.407 0.063 5.181 Flavor: r-devel-linux-x86_64-debian-clang