CRAN Package Check Results for Package hellno

Last updated on 2025-02-21 03:52:14 CET.

Flavor Version Tinstall Tcheck Ttotal Status Flags
r-devel-linux-x86_64-debian-clang 0.0.1 1.60 16.36 17.96 OK
r-devel-linux-x86_64-debian-gcc 0.0.1 1.29 13.98 15.27 OK
r-devel-linux-x86_64-fedora-clang 0.0.1 28.53 OK
r-devel-linux-x86_64-fedora-gcc 0.0.1 26.89 OK
r-devel-macos-arm64 0.0.1 15.00 OK
r-devel-macos-x86_64 0.0.1 24.00 OK
r-devel-windows-x86_64 0.0.1 2.00 39.00 41.00 OK
r-patched-linux-x86_64 0.0.1 1.59 15.58 17.17 NOTE
r-release-linux-x86_64 0.0.1 1.47 15.65 17.12 NOTE
r-release-macos-arm64 0.0.1 14.00 NOTE
r-release-macos-x86_64 0.0.1 21.00 NOTE
r-release-windows-x86_64 0.0.1 2.00 38.00 40.00 NOTE
r-oldrel-macos-arm64 0.0.1 16.00 NOTE
r-oldrel-macos-x86_64 0.0.1 19.00 NOTE
r-oldrel-windows-x86_64 0.0.1 3.00 67.00 70.00 NOTE

Check Details

Version: 0.0.1
Check: LazyData
Result: NOTE 'LazyData' is specified without a 'data' directory Flavors: r-patched-linux-x86_64, r-release-linux-x86_64, r-release-macos-arm64, r-release-macos-x86_64, r-release-windows-x86_64, r-oldrel-macos-arm64, r-oldrel-macos-x86_64, r-oldrel-windows-x86_64