Last updated on 2025-02-21 03:52:14 CET.
Flavor | Version | Tinstall | Tcheck | Ttotal | Status | Flags |
---|---|---|---|---|---|---|
r-devel-linux-x86_64-debian-clang | 1.7.3 | 10.66 | 150.97 | 161.63 | NOTE | |
r-devel-linux-x86_64-debian-gcc | 1.7.3 | 7.02 | 110.54 | 117.56 | NOTE | |
r-devel-linux-x86_64-fedora-clang | 1.7.3 | 252.09 | OK | |||
r-devel-linux-x86_64-fedora-gcc | 1.7.3 | 257.82 | OK | |||
r-devel-macos-arm64 | 1.7.3 | 78.00 | OK | |||
r-devel-macos-x86_64 | 1.7.3 | 125.00 | OK | |||
r-devel-windows-x86_64 | 1.7.3 | 14.00 | 163.00 | 177.00 | OK | |
r-patched-linux-x86_64 | 1.7.3 | 11.15 | 142.05 | 153.20 | OK | |
r-release-linux-x86_64 | 1.7.3 | 7.72 | 143.43 | 151.15 | OK | |
r-release-macos-arm64 | 1.7.3 | 78.00 | OK | |||
r-release-macos-x86_64 | 1.7.3 | 118.00 | OK | |||
r-release-windows-x86_64 | 1.7.3 | 13.00 | 162.00 | 175.00 | OK | |
r-oldrel-macos-arm64 | 1.7.3 | 77.00 | OK | |||
r-oldrel-macos-x86_64 | 1.7.3 | 132.00 | OK | |||
r-oldrel-windows-x86_64 | 1.7.3 | 17.00 | 217.00 | 234.00 | OK |
Version: 1.7.3
Check: for unstated dependencies in ‘demo’
Result: NOTE
'library' or 'require' calls not declared from:
‘KernSmooth’ ‘aplpack’ ‘foreign’
Flavors: r-devel-linux-x86_64-debian-clang, r-devel-linux-x86_64-debian-gcc