Last updated on 2025-04-30 04:50:08 CEST.
Flavor | Version | Tinstall | Tcheck | Ttotal | Status | Flags |
---|---|---|---|---|---|---|
r-devel-linux-x86_64-debian-clang | 0.5.5 | 234.12 | 407.08 | 641.20 | NOTE | |
r-devel-linux-x86_64-debian-gcc | 0.5.5 | 185.04 | 264.45 | 449.49 | NOTE | |
r-devel-linux-x86_64-fedora-clang | 0.5.5 | 1019.13 | OK | |||
r-devel-linux-x86_64-fedora-gcc | 0.5.5 | 1076.97 | OK | |||
r-devel-windows-x86_64 | 0.5.5 | 288.00 | 451.00 | 739.00 | OK | |
r-patched-linux-x86_64 | 0.5.5 | 266.65 | 353.38 | 620.03 | OK | |
r-release-linux-x86_64 | 0.5.5 | 259.36 | 354.17 | 613.53 | OK | |
r-release-macos-arm64 | 0.5.5 | 258.00 | OK | |||
r-release-macos-x86_64 | 0.5.5 | 455.00 | OK | |||
r-release-windows-x86_64 | 0.5.5 | 296.00 | 441.00 | 737.00 | OK | |
r-oldrel-macos-arm64 | 0.5.5 | 257.00 | NOTE | |||
r-oldrel-macos-x86_64 | 0.5.5 | 425.00 | NOTE | |||
r-oldrel-windows-x86_64 | 0.5.5 | 328.00 | 567.00 | 895.00 | NOTE |
Version: 0.5.5
Check: examples
Result: NOTE
Examples with CPU (user + system) or elapsed time > 5s
user system elapsed
plugin 10.842 0.5 15.404
Flavor: r-devel-linux-x86_64-debian-clang
Version: 0.5.5
Check: examples
Result: NOTE
Examples with CPU (user + system) or elapsed time > 5s
user system elapsed
plugin 7.441 0.438 10.15
Flavor: r-devel-linux-x86_64-debian-gcc
Version: 0.5.5
Check: installed package size
Result: NOTE
installed size is 23.8Mb
sub-directories of 1Mb or more:
doc 2.2Mb
libs 19.7Mb
Flavors: r-oldrel-macos-arm64, r-oldrel-macos-x86_64, r-oldrel-windows-x86_64