Last updated on 2025-02-21 03:52:14 CET.
Flavor | Version | Tinstall | Tcheck | Ttotal | Status | Flags |
---|---|---|---|---|---|---|
r-devel-linux-x86_64-debian-clang | 1.0.3 | 2.79 | 165.22 | 168.01 | NOTE | |
r-devel-linux-x86_64-debian-gcc | 1.0.3 | 1.64 | 112.51 | 114.15 | NOTE | |
r-devel-linux-x86_64-fedora-clang | 1.0.3 | 299.13 | NOTE | |||
r-devel-linux-x86_64-fedora-gcc | 1.0.3 | 305.45 | NOTE | |||
r-devel-macos-arm64 | 1.0.3 | 87.00 | NOTE | |||
r-devel-macos-x86_64 | 1.0.3 | 146.00 | NOTE | |||
r-devel-windows-x86_64 | 1.0.3 | 5.00 | 182.00 | 187.00 | NOTE | |
r-patched-linux-x86_64 | 1.0.3 | 3.95 | 164.13 | 168.08 | NOTE | |
r-release-linux-x86_64 | 1.0.3 | 2.40 | 165.30 | 167.70 | NOTE | |
r-release-macos-arm64 | 1.0.3 | 79.00 | NOTE | |||
r-release-macos-x86_64 | 1.0.3 | 124.00 | NOTE | |||
r-release-windows-x86_64 | 1.0.3 | 4.00 | 178.00 | 182.00 | NOTE | |
r-oldrel-macos-arm64 | 1.0.3 | 86.00 | OK | |||
r-oldrel-macos-x86_64 | 1.0.3 | 136.00 | OK | |||
r-oldrel-windows-x86_64 | 1.0.3 | 6.00 | 232.00 | 238.00 | OK |
Version: 1.0.3
Check: Rd files
Result: NOTE
checkRd: (-1) predictPair.Rd:20: Lost braces; missing escapes or markup?
20 | A number in the set {-1, 0, 1}, where 1 means row1 is predicted to
| ^
checkRd: (-1) predictPairInternal.Rd:18: Lost braces; missing escapes or markup?
18 | A number in the set {-1, 0, 1}, where 1 means row1 is predicted to
| ^
Flavors: r-devel-linux-x86_64-debian-clang, r-devel-linux-x86_64-debian-gcc, r-devel-linux-x86_64-fedora-clang, r-devel-linux-x86_64-fedora-gcc, r-devel-macos-arm64, r-devel-macos-x86_64, r-devel-windows-x86_64, r-patched-linux-x86_64, r-release-linux-x86_64, r-release-macos-arm64, r-release-macos-x86_64, r-release-windows-x86_64