Last updated on 2025-02-21 03:52:14 CET.
Flavor | Version | Tinstall | Tcheck | Ttotal | Status | Flags |
---|---|---|---|---|---|---|
r-devel-linux-x86_64-debian-clang | 1.28.5 | 8.12 | 61.97 | 70.09 | OK | |
r-devel-linux-x86_64-debian-gcc | 1.28.5 | 7.11 | 45.75 | 52.86 | OK | |
r-devel-linux-x86_64-fedora-clang | 1.28.5 | 116.34 | OK | |||
r-devel-linux-x86_64-fedora-gcc | 1.28.5 | 124.80 | OK | |||
r-devel-macos-arm64 | 1.28.5 | 40.00 | NOTE | |||
r-devel-macos-x86_64 | 1.28.5 | 78.00 | NOTE | |||
r-devel-windows-x86_64 | 1.28.5 | 14.00 | 92.00 | 106.00 | OK | |
r-patched-linux-x86_64 | 1.28.5 | 9.32 | 59.99 | 69.31 | OK | |
r-release-linux-x86_64 | 1.28.5 | 8.05 | 60.35 | 68.40 | OK | |
r-release-macos-arm64 | 1.28.5 | 49.00 | OK | |||
r-release-macos-x86_64 | 1.28.5 | 285.00 | OK | |||
r-release-windows-x86_64 | 1.28.5 | 13.00 | 94.00 | 107.00 | OK | |
r-oldrel-macos-arm64 | 1.28.5 | 244.00 | OK | |||
r-oldrel-macos-x86_64 | 1.28.5 | 296.00 | OK | |||
r-oldrel-windows-x86_64 | 1.28.5 | 15.00 | 103.00 | 118.00 | OK |
Version: 1.28.5
Check: re-building of vignette outputs
Result: NOTE
Note: skipping ‘hexagon_binning.Rnw’ due to unavailable dependencies:
'marray'
Flavors: r-devel-macos-arm64, r-devel-macos-x86_64