Last updated on 2025-04-30 04:50:08 CEST.
Flavor | Version | Tinstall | Tcheck | Ttotal | Status | Flags |
---|---|---|---|---|---|---|
r-devel-linux-x86_64-debian-clang | 0.9.17 | 2.52 | 27.71 | 30.23 | NOTE | |
r-devel-linux-x86_64-debian-gcc | 0.9.17 | 1.92 | 21.63 | 23.55 | NOTE | |
r-devel-linux-x86_64-fedora-clang | 0.9.17 | 47.82 | OK | |||
r-devel-linux-x86_64-fedora-gcc | 0.9.17 | 71.73 | OK | |||
r-devel-windows-x86_64 | 0.9.17 | 3.00 | 51.00 | 54.00 | OK | |
r-patched-linux-x86_64 | 0.9.17 | 2.28 | 26.44 | 28.72 | OK | |
r-release-linux-x86_64 | 0.9.17 | 2.49 | 26.36 | 28.85 | OK | |
r-release-macos-arm64 | 0.9.17 | 26.00 | OK | |||
r-release-macos-x86_64 | 0.9.17 | 55.00 | OK | |||
r-release-windows-x86_64 | 0.9.17 | 3.00 | 51.00 | 54.00 | OK | |
r-oldrel-macos-arm64 | 0.9.17 | 25.00 | OK | |||
r-oldrel-macos-x86_64 | 0.9.17 | 40.00 | OK | |||
r-oldrel-windows-x86_64 | 0.9.17 | 3.00 | 51.00 | 54.00 | OK |
Version: 0.9.17
Check: CRAN incoming feasibility
Result: NOTE
Maintainer: ‘Thomas Lumley <t.lumley@auckland.ac.nz>’
No Authors@R field in DESCRIPTION.
Please add one, modifying
Authors@R: person(given = "Thomas",
family = "Lumley",
role = c("aut", "cre"),
email = "t.lumley@auckland.ac.nz",
comment = "Jie Fu Yu made a prototype")
as necessary.
Flavors: r-devel-linux-x86_64-debian-clang, r-devel-linux-x86_64-debian-gcc