Last updated on 2025-04-30 04:50:08 CEST.
Flavor | Version | Tinstall | Tcheck | Ttotal | Status | Flags |
---|---|---|---|---|---|---|
r-devel-linux-x86_64-debian-clang | 0.7.1 | 5.68 | 51.76 | 57.44 | NOTE | |
r-devel-linux-x86_64-debian-gcc | 0.7.1 | 3.89 | 36.56 | 40.45 | NOTE | |
r-devel-linux-x86_64-fedora-clang | 0.7.1 | 79.66 | OK | |||
r-devel-linux-x86_64-fedora-gcc | 0.7.1 | 75.21 | OK | |||
r-devel-windows-x86_64 | 0.7.1 | 7.00 | 70.00 | 77.00 | OK | |
r-patched-linux-x86_64 | 0.7.1 | 5.34 | 47.76 | 53.10 | OK | |
r-release-linux-x86_64 | 0.7.1 | 5.13 | 48.04 | 53.17 | OK | |
r-release-macos-arm64 | 0.7.1 | 27.00 | OK | |||
r-release-macos-x86_64 | 0.7.1 | 48.00 | OK | |||
r-release-windows-x86_64 | 0.7.1 | 9.00 | 68.00 | 77.00 | OK | |
r-oldrel-macos-arm64 | 0.7.1 | 25.00 | OK | |||
r-oldrel-macos-x86_64 | 0.7.1 | 54.00 | OK | |||
r-oldrel-windows-x86_64 | 0.7.1 | 10.00 | 77.00 | 87.00 | OK |
Version: 0.7.1
Check: CRAN incoming feasibility
Result: NOTE
Maintainer: ‘Johann Pfitzinger <johann.pfitzinger@gmail.com>’
No Authors@R field in DESCRIPTION.
Please add one, modifying
Authors@R: person(given = "Johann",
family = "Pfitzinger",
role = c("aut", "cre"),
email = "johann.pfitzinger@gmail.com")
as necessary.
Flavors: r-devel-linux-x86_64-debian-clang, r-devel-linux-x86_64-debian-gcc