CRAN Package Check Results for Package hglm.data

Last updated on 2025-04-30 04:50:08 CEST.

Flavor Version Tinstall Tcheck Ttotal Status Flags
r-devel-linux-x86_64-debian-clang 1.0-1 4.58 33.39 37.97 NOTE
r-devel-linux-x86_64-debian-gcc 1.0-1 3.75 24.71 28.46 NOTE
r-devel-linux-x86_64-fedora-clang 1.0-1 56.25 NOTE
r-devel-linux-x86_64-fedora-gcc 1.0-1 55.78 NOTE
r-devel-windows-x86_64 1.0-1 6.00 55.00 61.00 NOTE
r-patched-linux-x86_64 1.0-1 5.07 31.52 36.59 NOTE
r-release-linux-x86_64 1.0-1 4.60 32.02 36.62 NOTE
r-release-macos-arm64 1.0-1 23.00 NOTE
r-release-macos-x86_64 1.0-1 57.00 NOTE
r-release-windows-x86_64 1.0-1 5.00 52.00 57.00 NOTE
r-oldrel-macos-arm64 1.0-1 24.00 NOTE
r-oldrel-macos-x86_64 1.0-1 32.00 NOTE
r-oldrel-windows-x86_64 1.0-1 7.00 57.00 64.00 NOTE

Check Details

Version: 1.0-1
Check: CRAN incoming feasibility
Result: NOTE Maintainer: ‘Xia Shen <xia.shen@ki.se>’ No Authors@R field in DESCRIPTION. Please add one, modifying Authors@R: c(person(given = "Xia", family = "Shen", role = c("aut", "cre"), email = "xia.shen@ki.se"), person(given = "Moudud", family = "Alam", role = "aut"), person(given = "Lars", family = "Ronnegard", role = "aut")) as necessary. Flavors: r-devel-linux-x86_64-debian-clang, r-devel-linux-x86_64-debian-gcc

Version: 1.0-1
Check: Rd files
Result: NOTE checkRd: (-1) ohio.Rd:104: Escaped LaTeX specials: \& checkRd: (-1) ohio.Rd:105: Escaped LaTeX specials: \& Flavors: r-devel-linux-x86_64-debian-clang, r-devel-linux-x86_64-debian-gcc, r-devel-linux-x86_64-fedora-clang, r-devel-linux-x86_64-fedora-gcc, r-devel-windows-x86_64, r-patched-linux-x86_64, r-release-linux-x86_64, r-release-macos-arm64, r-release-macos-x86_64, r-release-windows-x86_64, r-oldrel-macos-arm64, r-oldrel-macos-x86_64, r-oldrel-windows-x86_64