Last updated on 2025-04-30 04:50:08 CEST.
Flavor | Version | Tinstall | Tcheck | Ttotal | Status | Flags |
---|---|---|---|---|---|---|
r-devel-linux-x86_64-debian-clang | 2.2-1 | 8.69 | 75.20 | 83.89 | NOTE | |
r-devel-linux-x86_64-debian-gcc | 2.2-1 | 6.89 | 55.80 | 62.69 | NOTE | |
r-devel-linux-x86_64-fedora-clang | 2.2-1 | 129.69 | OK | |||
r-devel-linux-x86_64-fedora-gcc | 2.2-1 | 139.86 | OK | |||
r-devel-windows-x86_64 | 2.2-1 | 11.00 | 99.00 | 110.00 | OK | |
r-patched-linux-x86_64 | 2.2-1 | 10.11 | 72.06 | 82.17 | OK | |
r-release-linux-x86_64 | 2.2-1 | 8.40 | 72.71 | 81.11 | OK | |
r-release-macos-arm64 | 2.2-1 | 53.00 | OK | |||
r-release-macos-x86_64 | 2.2-1 | 95.00 | OK | |||
r-release-windows-x86_64 | 2.2-1 | 10.00 | 98.00 | 108.00 | OK | |
r-oldrel-macos-arm64 | 2.2-1 | 43.00 | OK | |||
r-oldrel-macos-x86_64 | 2.2-1 | 70.00 | OK | |||
r-oldrel-windows-x86_64 | 2.2-1 | 12.00 | 111.00 | 123.00 | OK |
Version: 2.2-1
Check: CRAN incoming feasibility
Result: NOTE
Maintainer: ‘Xia Shen <xia.shen@ki.se>’
No Authors@R field in DESCRIPTION.
Please add one, modifying
Authors@R: c(person(given = "Moudud",
family = "Alam",
role = "aut"),
person(given = "Lars",
family = "Ronnegard",
role = "aut"),
person(given = "Xia",
family = "Shen",
role = c("aut", "cre"),
email = "xia.shen@ki.se"))
as necessary.
Package CITATION file contains call(s) to old-style personList() or
as.personList(). Please use c() on person objects instead.
Package CITATION file contains call(s) to old-style citEntry(). Please
use bibentry() instead.
Flavors: r-devel-linux-x86_64-debian-clang, r-devel-linux-x86_64-debian-gcc