Last updated on 2025-04-29 04:50:05 CEST.
Flavor | Version | Tinstall | Tcheck | Ttotal | Status | Flags |
---|---|---|---|---|---|---|
r-devel-linux-x86_64-debian-clang | 0.4.2 | 16.80 | 145.91 | 162.71 | OK | |
r-devel-linux-x86_64-debian-gcc | 0.4.2 | 12.16 | 101.63 | 113.79 | NOTE | |
r-devel-linux-x86_64-fedora-clang | 0.4.2 | 257.28 | OK | |||
r-devel-linux-x86_64-fedora-gcc | 0.4.2 | 248.99 | OK | |||
r-devel-windows-x86_64 | 0.4.2 | 21.00 | 149.00 | 170.00 | OK | |
r-patched-linux-x86_64 | 0.4.2 | 17.02 | 136.83 | 153.85 | OK | |
r-release-linux-x86_64 | 0.4.2 | 16.96 | 137.48 | 154.44 | OK | |
r-release-macos-arm64 | 0.4.2 | 72.00 | OK | |||
r-release-macos-x86_64 | 0.4.2 | 137.00 | OK | |||
r-release-windows-x86_64 | 0.4.2 | 20.00 | 152.00 | 172.00 | OK | |
r-oldrel-macos-arm64 | 0.4.2 | 75.00 | OK | |||
r-oldrel-macos-x86_64 | 0.4.2 | 196.00 | OK | |||
r-oldrel-windows-x86_64 | 0.4.2 | 28.00 | 193.00 | 221.00 | OK |
Version: 0.4.2
Check: examples
Result: NOTE
Examples with CPU (user + system) or elapsed time > 5s
user system elapsed
score 4.287 0.011 5.435
Flavor: r-devel-linux-x86_64-debian-gcc