CRAN Package Check Results for Package highmean

Last updated on 2025-07-05 04:50:16 CEST.

Flavor Version Tinstall Tcheck Ttotal Status Flags
r-devel-linux-x86_64-debian-clang 3.0 4.17 35.80 39.97 NOTE
r-devel-linux-x86_64-debian-gcc 3.0 3.12 25.92 29.04 NOTE
r-devel-linux-x86_64-fedora-clang 3.0 61.33 OK
r-devel-linux-x86_64-fedora-gcc 3.0 59.65 OK
r-devel-windows-x86_64 3.0 5.00 56.00 61.00 OK
r-patched-linux-x86_64 3.0 4.89 33.84 38.73 OK
r-release-linux-x86_64 3.0 4.50 34.02 38.52 OK
r-release-macos-arm64 3.0 20.00 OK
r-release-macos-x86_64 3.0 34.00 OK
r-release-windows-x86_64 3.0 7.00 61.00 68.00 OK
r-oldrel-macos-arm64 3.0 18.00 OK
r-oldrel-macos-x86_64 3.0 30.00 OK
r-oldrel-windows-x86_64 3.0 5.00 65.00 70.00 OK

Check Details

Version: 3.0
Check: CRAN incoming feasibility
Result: NOTE Maintainer: ‘Lifeng Lin <linl@umn.edu>’ No Authors@R field in DESCRIPTION. Please add one, modifying Authors@R: c(person(given = "Lifeng", family = "Lin", role = c("aut", "cre"), email = "linl@umn.edu"), person(given = "Wei", family = "Pan", role = "aut")) as necessary. Flavors: r-devel-linux-x86_64-debian-clang, r-devel-linux-x86_64-debian-gcc