Last updated on 2025-04-30 04:50:08 CEST.
Flavor | Version | Tinstall | Tcheck | Ttotal | Status | Flags |
---|---|---|---|---|---|---|
r-devel-linux-x86_64-debian-clang | 3.0 | 3.93 | 35.04 | 38.97 | NOTE | |
r-devel-linux-x86_64-debian-gcc | 3.0 | 3.03 | 25.96 | 28.99 | NOTE | |
r-devel-linux-x86_64-fedora-clang | 3.0 | 62.85 | OK | |||
r-devel-linux-x86_64-fedora-gcc | 3.0 | 61.24 | OK | |||
r-devel-windows-x86_64 | 3.0 | 6.00 | 61.00 | 67.00 | OK | |
r-patched-linux-x86_64 | 3.0 | 4.79 | 33.92 | 38.71 | OK | |
r-release-linux-x86_64 | 3.0 | 4.67 | 34.88 | 39.55 | OK | |
r-release-macos-arm64 | 3.0 | 20.00 | OK | |||
r-release-macos-x86_64 | 3.0 | 34.00 | OK | |||
r-release-windows-x86_64 | 3.0 | 6.00 | 57.00 | 63.00 | OK | |
r-oldrel-macos-arm64 | 3.0 | 18.00 | OK | |||
r-oldrel-macos-x86_64 | 3.0 | 30.00 | OK | |||
r-oldrel-windows-x86_64 | 3.0 | 5.00 | 60.00 | 65.00 | OK |
Version: 3.0
Check: CRAN incoming feasibility
Result: NOTE
Maintainer: ‘Lifeng Lin <linl@umn.edu>’
No Authors@R field in DESCRIPTION.
Please add one, modifying
Authors@R: c(person(given = "Lifeng",
family = "Lin",
role = c("aut", "cre"),
email = "linl@umn.edu"),
person(given = "Wei",
family = "Pan",
role = "aut"))
as necessary.
Flavors: r-devel-linux-x86_64-debian-clang, r-devel-linux-x86_64-debian-gcc