Last updated on 2025-04-30 04:50:08 CEST.
Flavor | Version | Tinstall | Tcheck | Ttotal | Status | Flags |
---|---|---|---|---|---|---|
r-devel-linux-x86_64-debian-clang | 1.10.0-1 | 667.23 | 37.98 | 705.21 | OK | |
r-devel-linux-x86_64-debian-gcc | 1.10.0-1 | 575.24 | 29.39 | 604.63 | OK | |
r-devel-linux-x86_64-fedora-clang | 1.10.0-1 | 1577.41 | OK | |||
r-devel-linux-x86_64-fedora-gcc | 1.10.0-1 | 2009.58 | OK | |||
r-devel-windows-x86_64 | 1.10.0-1 | 983.00 | 114.00 | 1097.00 | OK | |
r-patched-linux-x86_64 | 1.10.0-1 | 794.60 | 34.56 | 829.16 | OK | |
r-release-linux-x86_64 | 1.10.0-1 | 790.73 | 35.07 | 825.80 | OK | |
r-release-macos-arm64 | 1.10.0-1 | 289.00 | OK | |||
r-release-macos-x86_64 | 1.10.0-1 | 313.00 | OK | |||
r-release-windows-x86_64 | 1.10.0-1 | 979.00 | 117.00 | 1096.00 | OK | |
r-oldrel-macos-arm64 | 1.10.0-1 | 286.00 | NOTE | |||
r-oldrel-macos-x86_64 | 1.10.0-1 | 339.00 | NOTE | |||
r-oldrel-windows-x86_64 | 1.10.0-1 | 850.00 | 128.00 | 978.00 | NOTE |
Version: 1.10.0-1
Check: installed package size
Result: NOTE
installed size is 57.5Mb
sub-directories of 1Mb or more:
libs 57.3Mb
Flavors: r-oldrel-macos-arm64, r-oldrel-macos-x86_64, r-oldrel-windows-x86_64