Last updated on 2025-04-30 04:50:08 CEST.
Flavor | Version | Tinstall | Tcheck | Ttotal | Status | Flags |
---|---|---|---|---|---|---|
r-devel-linux-x86_64-debian-clang | 0.9.0 | 26.09 | 142.53 | 168.62 | NOTE | |
r-devel-linux-x86_64-debian-gcc | 0.9.0 | 19.72 | 111.65 | 131.37 | NOTE | |
r-devel-linux-x86_64-fedora-clang | 0.9.0 | 275.62 | NOTE | |||
r-devel-linux-x86_64-fedora-gcc | 0.9.0 | 288.01 | NOTE | |||
r-devel-windows-x86_64 | 0.9.0 | 33.00 | 168.00 | 201.00 | NOTE | |
r-patched-linux-x86_64 | 0.9.0 | 30.19 | 131.93 | 162.12 | NOTE | |
r-release-linux-x86_64 | 0.9.0 | 29.33 | 131.48 | 160.81 | NOTE | |
r-release-macos-arm64 | 0.9.0 | 155.00 | NOTE | |||
r-release-macos-x86_64 | 0.9.0 | 241.00 | NOTE | |||
r-release-windows-x86_64 | 0.9.0 | 34.00 | 185.00 | 219.00 | NOTE | |
r-oldrel-macos-arm64 | 0.9.0 | 119.00 | NOTE | |||
r-oldrel-macos-x86_64 | 0.9.0 | 151.00 | NOTE | |||
r-oldrel-windows-x86_64 | 0.9.0 | 37.00 | 220.00 | 257.00 | NOTE |
Version: 0.9.0
Check: CRAN incoming feasibility
Result: NOTE
Maintainer: ‘Alexander Rix <alexrix@umich.edu>’
The Description field contains
(HiGLASSO), developed by Boss et al (2020) <arXiv:2003.12844>, is a
Please refer to arXiv e-prints via their arXiv DOI <doi:10.48550/arXiv.YYMM.NNNNN>.
Flavors: r-devel-linux-x86_64-debian-clang, r-devel-linux-x86_64-debian-gcc
Version: 0.9.0
Check: C++ specification
Result: NOTE
Specified C++11: please drop specification unless essential
Flavors: r-devel-linux-x86_64-debian-clang, r-devel-linux-x86_64-debian-gcc, r-devel-linux-x86_64-fedora-clang, r-devel-linux-x86_64-fedora-gcc, r-devel-windows-x86_64, r-patched-linux-x86_64, r-release-linux-x86_64, r-release-macos-arm64, r-release-macos-x86_64, r-release-windows-x86_64, r-oldrel-macos-arm64, r-oldrel-macos-x86_64, r-oldrel-windows-x86_64