Last updated on 2025-04-30 04:50:08 CEST.
Flavor | Version | Tinstall | Tcheck | Ttotal | Status | Flags |
---|---|---|---|---|---|---|
r-devel-linux-x86_64-debian-clang | 0.1.0 | 1.65 | 22.05 | 23.70 | NOTE | |
r-devel-linux-x86_64-debian-gcc | 0.1.0 | 1.48 | 17.73 | 19.21 | NOTE | |
r-devel-linux-x86_64-fedora-clang | 0.1.0 | 36.00 | OK | |||
r-devel-linux-x86_64-fedora-gcc | 0.1.0 | 34.51 | OK | |||
r-devel-windows-x86_64 | 0.1.0 | 3.00 | 45.00 | 48.00 | OK | |
r-patched-linux-x86_64 | 0.1.0 | 1.87 | 20.46 | 22.33 | OK | |
r-release-linux-x86_64 | 0.1.0 | 1.74 | 20.21 | 21.95 | OK | |
r-release-macos-arm64 | 0.1.0 | 17.00 | OK | |||
r-release-macos-x86_64 | 0.1.0 | 25.00 | OK | |||
r-release-windows-x86_64 | 0.1.0 | 3.00 | 45.00 | 48.00 | OK | |
r-oldrel-macos-arm64 | 0.1.0 | 14.00 | NOTE | |||
r-oldrel-macos-x86_64 | 0.1.0 | 21.00 | NOTE | |||
r-oldrel-windows-x86_64 | 0.1.0 | 4.00 | 43.00 | 47.00 | NOTE |
Version: 0.1.0
Check: CRAN incoming feasibility
Result: NOTE
Maintainer: ‘Yuancheng Zhu <yuancheng.zhu@gmail.com>’
The Description field contains
<arXiv:1802.04876> for details.
Please refer to arXiv e-prints via their arXiv DOI <doi:10.48550/arXiv.YYMM.NNNNN>.
Flavors: r-devel-linux-x86_64-debian-clang, r-devel-linux-x86_64-debian-gcc
Version: 0.1.0
Check: LazyData
Result: NOTE
'LazyData' is specified without a 'data' directory
Flavors: r-oldrel-macos-arm64, r-oldrel-macos-x86_64, r-oldrel-windows-x86_64