CRAN Package Check Results for Package himach

Last updated on 2025-04-30 04:50:08 CEST.

Flavor Version Tinstall Tcheck Ttotal Status Flags
r-devel-linux-x86_64-debian-clang 0.3.2 10.20 154.63 164.83 NOTE
r-devel-linux-x86_64-debian-gcc 0.3.2 7.32 111.43 118.75 NOTE
r-devel-linux-x86_64-fedora-clang 0.3.2 250.86 NOTE
r-devel-linux-x86_64-fedora-gcc 0.3.2 256.65 NOTE
r-devel-windows-x86_64 0.3.2 13.00 160.00 173.00 NOTE
r-patched-linux-x86_64 0.3.2 11.30 145.58 156.88 NOTE
r-release-linux-x86_64 0.3.2 10.62 145.99 156.61 NOTE
r-release-macos-arm64 0.3.2 77.00 NOTE
r-release-macos-x86_64 0.3.2 164.00 NOTE
r-release-windows-x86_64 0.3.2 15.00 164.00 179.00 NOTE
r-oldrel-macos-arm64 0.3.2 74.00 OK
r-oldrel-macos-x86_64 0.3.2 118.00 OK
r-oldrel-windows-x86_64 0.3.2 15.00 195.00 210.00 OK

Check Details

Version: 0.3.2
Check: DESCRIPTION meta-information
Result: NOTE Missing dependency on R >= 4.1.0 because package code uses the pipe |> or function shorthand \(...) syntax added in R 4.1.0. File(s) using such syntax: ‘maps.R’ ‘utils.R’ Flavors: r-devel-linux-x86_64-debian-clang, r-devel-linux-x86_64-debian-gcc, r-devel-linux-x86_64-fedora-clang, r-devel-linux-x86_64-fedora-gcc, r-devel-windows-x86_64, r-patched-linux-x86_64, r-release-linux-x86_64, r-release-macos-arm64, r-release-macos-x86_64, r-release-windows-x86_64