CRAN Package Check Results for Package hipread

Last updated on 2025-04-30 04:50:08 CEST.

Flavor Version Tinstall Tcheck Ttotal Status Flags
r-devel-linux-x86_64-debian-clang 0.2.4 79.12 42.06 121.18 NOTE
r-devel-linux-x86_64-debian-gcc 0.2.4 61.30 31.07 92.37 NOTE
r-devel-linux-x86_64-fedora-clang 0.2.4 237.47 NOTE
r-devel-linux-x86_64-fedora-gcc 0.2.4 236.45 NOTE
r-devel-windows-x86_64 0.2.4 120.00 80.00 200.00 NOTE
r-patched-linux-x86_64 0.2.4 88.87 38.37 127.24 NOTE
r-release-linux-x86_64 0.2.4 91.77 38.46 130.23 NOTE
r-release-macos-arm64 0.2.4 72.00 NOTE
r-release-macos-x86_64 0.2.4 81.00 NOTE
r-release-windows-x86_64 0.2.4 121.00 81.00 202.00 NOTE
r-oldrel-macos-arm64 0.2.4 60.00 OK
r-oldrel-macos-x86_64 0.2.4 58.00 OK
r-oldrel-windows-x86_64 0.2.4 136.00 98.00 234.00 OK

Check Details

Version: 0.2.4
Check: compiled code
Result: NOTE File ‘hipread/libs/hipread.so’: Found non-API calls to R: ‘SETLENGTH’, ‘SET_TRUELENGTH’ Compiled code should not call non-API entry points in R. See ‘Writing portable packages’ in the ‘Writing R Extensions’ manual, and section ‘Moving into C API compliance’ for issues with the use of non-API entry points. Flavors: r-devel-linux-x86_64-debian-clang, r-devel-linux-x86_64-debian-gcc, r-devel-linux-x86_64-fedora-clang, r-devel-linux-x86_64-fedora-gcc, r-patched-linux-x86_64, r-release-linux-x86_64, r-release-macos-arm64, r-release-macos-x86_64

Version: 0.2.4
Check: compiled code
Result: NOTE File 'hipread/libs/x64/hipread.dll': Found non-API calls to R: 'SETLENGTH', 'SET_TRUELENGTH' Compiled code should not call non-API entry points in R. See 'Writing portable packages' in the 'Writing R Extensions' manual, and section 'Moving into C API compliance' for issues with the use of non-API entry points. Flavors: r-devel-windows-x86_64, r-release-windows-x86_64