Last updated on 2025-04-30 04:50:08 CEST.
Flavor | Version | Tinstall | Tcheck | Ttotal | Status | Flags |
---|---|---|---|---|---|---|
r-devel-linux-x86_64-debian-clang | 2.1.1 | 129.87 | 436.22 | 566.09 | OK | |
r-devel-linux-x86_64-debian-gcc | 2.1.1 | 87.23 | 225.07 | 312.30 | OK | |
r-devel-linux-x86_64-fedora-clang | 2.1.1 | 916.29 | OK | |||
r-devel-linux-x86_64-fedora-gcc | 2.1.1 | 955.99 | OK | |||
r-devel-windows-x86_64 | 2.1.1 | 121.00 | 335.00 | 456.00 | OK | |
r-patched-linux-x86_64 | 2.1.1 | 124.89 | 426.21 | 551.10 | OK | |
r-release-linux-x86_64 | 2.1.1 | 122.62 | 425.76 | 548.38 | OK | |
r-release-macos-arm64 | 2.1.1 | 263.00 | OK | |||
r-release-macos-x86_64 | 2.1.1 | 532.00 | OK | |||
r-release-windows-x86_64 | 2.1.1 | 118.00 | 336.00 | 454.00 | OK | |
r-oldrel-macos-arm64 | 2.1.1 | 251.00 | NOTE | |||
r-oldrel-macos-x86_64 | 2.1.1 | 422.00 | NOTE | |||
r-oldrel-windows-x86_64 | 2.1.1 | 149.00 | 592.00 | 741.00 | OK |
Version: 2.1.1
Check: installed package size
Result: NOTE
installed size is 11.5Mb
sub-directories of 1Mb or more:
libs 10.6Mb
Flavors: r-oldrel-macos-arm64, r-oldrel-macos-x86_64