Last updated on 2025-04-30 04:50:08 CEST.
Flavor | Version | Tinstall | Tcheck | Ttotal | Status | Flags |
---|---|---|---|---|---|---|
r-devel-linux-x86_64-debian-clang | 1.0.2 | 175.65 | 245.04 | 420.69 | NOTE | |
r-devel-linux-x86_64-debian-gcc | 1.0.2 | 176.69 | 162.20 | 338.89 | NOTE | |
r-devel-linux-x86_64-fedora-clang | 1.0.2 | 638.36 | OK | |||
r-devel-linux-x86_64-fedora-gcc | 1.0.2 | 784.53 | OK | |||
r-devel-windows-x86_64 | 1.0.2 | 174.00 | 236.00 | 410.00 | OK | |
r-patched-linux-x86_64 | 1.0.2 | 224.73 | 230.98 | 455.71 | OK | |
r-release-linux-x86_64 | 1.0.2 | 217.29 | 231.47 | 448.76 | OK | |
r-release-macos-arm64 | 1.0.2 | 174.00 | OK | |||
r-release-macos-x86_64 | 1.0.2 | 384.00 | OK | |||
r-release-windows-x86_64 | 1.0.2 | 181.00 | 228.00 | 409.00 | OK | |
r-oldrel-macos-arm64 | 1.0.2 | 160.00 | NOTE | |||
r-oldrel-macos-x86_64 | 1.0.2 | 254.00 | NOTE | |||
r-oldrel-windows-x86_64 | 1.0.2 | 222.00 | 306.00 | 528.00 | NOTE |
Version: 1.0.2
Check: CRAN incoming feasibility
Result: NOTE
Maintainer: ‘Theo Michelot <theo.michelot@dal.ca>’
The Description field contains
<arXiv:2211.14139>.
Please refer to arXiv e-prints via their arXiv DOI <doi:10.48550/arXiv.YYMM.NNNNN>.
Flavors: r-devel-linux-x86_64-debian-clang, r-devel-linux-x86_64-debian-gcc
Version: 1.0.2
Check: examples
Result: NOTE
Examples with CPU (user + system) or elapsed time > 5s
user system elapsed
HMM 5.19 0.127 7.22
Flavor: r-devel-linux-x86_64-debian-clang
Version: 1.0.2
Check: installed package size
Result: NOTE
installed size is 95.3Mb
sub-directories of 1Mb or more:
libs 93.8Mb
Flavors: r-oldrel-macos-arm64, r-oldrel-macos-x86_64, r-oldrel-windows-x86_64