Last updated on 2025-04-30 04:50:08 CEST.
Flavor | Version | Tinstall | Tcheck | Ttotal | Status | Flags |
---|---|---|---|---|---|---|
r-devel-linux-x86_64-debian-clang | 1.0-5 | 4.70 | 80.29 | 84.99 | NOTE | |
r-devel-linux-x86_64-debian-gcc | 1.0-5 | 3.43 | 57.37 | 60.80 | OK | |
r-devel-linux-x86_64-fedora-clang | 1.0-5 | 133.90 | OK | |||
r-devel-linux-x86_64-fedora-gcc | 1.0-5 | 150.08 | OK | |||
r-devel-windows-x86_64 | 1.0-5 | 6.00 | 132.00 | 138.00 | OK | |
r-patched-linux-x86_64 | 1.0-5 | 4.92 | 83.45 | 88.37 | OK | |
r-release-linux-x86_64 | 1.0-5 | 4.21 | 83.95 | 88.16 | OK | |
r-release-macos-arm64 | 1.0-5 | 56.00 | OK | |||
r-release-macos-x86_64 | 1.0-5 | 89.00 | OK | |||
r-release-windows-x86_64 | 1.0-5 | 5.00 | 128.00 | 133.00 | OK | |
r-oldrel-macos-arm64 | 1.0-5 | 75.00 | OK | |||
r-oldrel-macos-x86_64 | 1.0-5 | 80.00 | OK | |||
r-oldrel-windows-x86_64 | 1.0-5 | 5.00 | 142.00 | 147.00 | OK |
Version: 1.0-5
Check: examples
Result: NOTE
Examples with CPU (user + system) or elapsed time > 5s
user system elapsed
hmmm.chibar 5.721 0 7.432
Flavor: r-devel-linux-x86_64-debian-clang