Last updated on 2025-04-30 04:50:08 CEST.
Flavor | Version | Tinstall | Tcheck | Ttotal | Status | Flags |
---|---|---|---|---|---|---|
r-devel-linux-x86_64-debian-clang | 1.0-0.1 | 3.53 | 45.62 | 49.15 | NOTE | |
r-devel-linux-x86_64-debian-gcc | 1.0-0.1 | 2.65 | 35.10 | 37.75 | NOTE | |
r-devel-linux-x86_64-fedora-clang | 1.0-0.1 | 76.64 | OK | |||
r-devel-linux-x86_64-fedora-gcc | 1.0-0.1 | 73.45 | OK | |||
r-devel-windows-x86_64 | 1.0-0.1 | 4.00 | 76.00 | 80.00 | OK | |
r-patched-linux-x86_64 | 1.0-0.1 | 4.09 | 44.28 | 48.37 | OK | |
r-release-linux-x86_64 | 1.0-0.1 | 3.46 | 43.85 | 47.31 | OK | |
r-release-macos-arm64 | 1.0-0.1 | 24.00 | OK | |||
r-release-macos-x86_64 | 1.0-0.1 | 54.00 | OK | |||
r-release-windows-x86_64 | 1.0-0.1 | 5.00 | 74.00 | 79.00 | OK | |
r-oldrel-macos-arm64 | 1.0-0.1 | 32.00 | OK | |||
r-oldrel-macos-x86_64 | 1.0-0.1 | 54.00 | OK | |||
r-oldrel-windows-x86_64 | 1.0-0.1 | 6.00 | 77.00 | 83.00 | OK |
Version: 1.0-0.1
Check: CRAN incoming feasibility
Result: NOTE
Maintainer: ‘Ingmar Visser <i.visser@uva.nl>’
Package CITATION file contains call(s) to old-style personList() or
as.personList(). Please use c() on person objects instead.
Package CITATION file contains call(s) to old-style citEntry(). Please
use bibentry() instead.
Flavors: r-devel-linux-x86_64-debian-clang, r-devel-linux-x86_64-debian-gcc
Version: 1.0-0.1
Check: examples
Result: NOTE
Examples with CPU (user + system) or elapsed time > 5s
user system elapsed
balance8pars 4.455 0.081 6.341
Flavor: r-devel-linux-x86_64-debian-clang