Last updated on 2025-02-21 03:52:14 CET.
Flavor | Version | Tinstall | Tcheck | Ttotal | Status | Flags |
---|---|---|---|---|---|---|
r-devel-linux-x86_64-debian-clang | 1.1.2 | 8.39 | 74.17 | 82.56 | OK | |
r-devel-linux-x86_64-debian-gcc | 1.1.2 | 6.09 | 51.38 | 57.47 | OK | |
r-devel-linux-x86_64-fedora-clang | 1.1.2 | 126.12 | OK | |||
r-devel-linux-x86_64-fedora-gcc | 1.1.2 | 137.84 | OK | |||
r-devel-macos-arm64 | 1.1.2 | 44.00 | OK | |||
r-devel-macos-x86_64 | 1.1.2 | 95.00 | OK | |||
r-devel-windows-x86_64 | 1.1.2 | 10.00 | 85.00 | 95.00 | OK | |
r-patched-linux-x86_64 | 1.1.2 | 7.96 | 65.59 | 73.55 | OK | |
r-release-linux-x86_64 | 1.1.2 | 7.86 | 67.65 | 75.51 | OK | |
r-release-macos-arm64 | 1.1.2 | 217.00 | NOTE | |||
r-release-macos-x86_64 | 1.1.2 | 244.00 | NOTE | |||
r-release-windows-x86_64 | 1.1.2 | 12.00 | 84.00 | 96.00 | NOTE | |
r-oldrel-macos-arm64 | 1.1.2 | 219.00 | NOTE | |||
r-oldrel-macos-x86_64 | 1.1.2 | 249.00 | NOTE | |||
r-oldrel-windows-x86_64 | 1.1.2 | 13.00 | 108.00 | 121.00 | NOTE |
Version: 1.1.2
Check: installed package size
Result: NOTE
installed size is 6.2Mb
sub-directories of 1Mb or more:
data 2.0Mb
doc 4.0Mb
Flavors: r-release-macos-arm64, r-release-macos-x86_64, r-release-windows-x86_64, r-oldrel-macos-arm64, r-oldrel-macos-x86_64, r-oldrel-windows-x86_64