Last updated on 2025-04-30 04:50:08 CEST.
Flavor | Version | Tinstall | Tcheck | Ttotal | Status | Flags |
---|---|---|---|---|---|---|
r-devel-linux-x86_64-debian-clang | 1.2-7 | 4.54 | 46.06 | 50.60 | OK | |
r-devel-linux-x86_64-debian-gcc | 1.2-7 | 2.82 | 33.44 | 36.26 | OK | |
r-devel-linux-x86_64-fedora-clang | 1.2-7 | 87.16 | OK | |||
r-devel-linux-x86_64-fedora-gcc | 1.2-7 | 77.64 | OK | |||
r-devel-windows-x86_64 | 1.2-7 | 5.00 | 64.00 | 69.00 | OK | |
r-patched-linux-x86_64 | 1.2-7 | 4.24 | 44.28 | 48.52 | OK | |
r-release-linux-x86_64 | 1.2-7 | 3.58 | 43.22 | 46.80 | OK | |
r-release-macos-arm64 | 1.2-7 | 51.00 | OK | |||
r-release-macos-x86_64 | 1.2-7 | 69.00 | OK | |||
r-release-windows-x86_64 | 1.2-7 | 5.00 | 65.00 | 70.00 | OK | |
r-oldrel-macos-arm64 | 1.2-7 | 46.00 | NOTE | |||
r-oldrel-macos-x86_64 | 1.2-7 | 63.00 | NOTE | |||
r-oldrel-windows-x86_64 | 1.2-7 | 6.00 | 74.00 | 80.00 | NOTE |
Version: 1.2-7
Check: package dependencies
Result: NOTE
Package suggested but not available for checking: ‘glmmADMB’
Flavors: r-oldrel-macos-arm64, r-oldrel-macos-x86_64, r-oldrel-windows-x86_64