Last updated on 2025-04-30 04:50:08 CEST.
Flavor | Version | Tinstall | Tcheck | Ttotal | Status | Flags |
---|---|---|---|---|---|---|
r-devel-linux-x86_64-debian-clang | 0.1.2 | 28.67 | 227.05 | 255.72 | OK | |
r-devel-linux-x86_64-debian-gcc | 0.1.2 | 21.58 | 159.68 | 181.26 | OK | |
r-devel-linux-x86_64-fedora-clang | 0.1.2 | 418.46 | OK | |||
r-devel-linux-x86_64-fedora-gcc | 0.1.2 | 369.59 | OK | |||
r-devel-windows-x86_64 | 0.1.2 | 28.00 | 192.00 | 220.00 | OK | |
r-patched-linux-x86_64 | 0.1.2 | 25.93 | 214.38 | 240.31 | OK | |
r-release-linux-x86_64 | 0.1.2 | 24.24 | 209.40 | 233.64 | OK | |
r-release-macos-arm64 | 0.1.2 | 100.00 | OK | |||
r-release-macos-x86_64 | 0.1.2 | 186.00 | OK | |||
r-release-windows-x86_64 | 0.1.2 | 27.00 | 186.00 | 213.00 | OK | |
r-oldrel-macos-arm64 | 0.1.2 | 93.00 | NOTE | |||
r-oldrel-macos-x86_64 | 0.1.2 | 183.00 | NOTE | |||
r-oldrel-windows-x86_64 | 0.1.2 | 32.00 | 254.00 | 286.00 | NOTE |
Version: 0.1.2
Check: package dependencies
Result: NOTE
Package suggested but not available for checking: ‘microViz’
Flavors: r-oldrel-macos-arm64, r-oldrel-macos-x86_64, r-oldrel-windows-x86_64