CRAN Package Check Results for Package homals

Last updated on 2025-04-30 04:50:08 CEST.

Flavor Version Tinstall Tcheck Ttotal Status Flags
r-devel-linux-x86_64-debian-clang 1.0-10 4.64 50.68 55.32 NOTE
r-devel-linux-x86_64-debian-gcc 1.0-10 3.26 39.02 42.28 NOTE
r-devel-linux-x86_64-fedora-clang 1.0-10 84.25 OK
r-devel-linux-x86_64-fedora-gcc 1.0-10 82.64 OK
r-devel-windows-x86_64 1.0-10 6.00 68.00 74.00 OK
r-patched-linux-x86_64 1.0-10 4.70 48.82 53.52 OK
r-release-linux-x86_64 1.0-10 4.32 48.56 52.88 OK
r-release-macos-arm64 1.0-10 28.00 OK
r-release-macos-x86_64 1.0-10 44.00 OK
r-release-windows-x86_64 1.0-10 6.00 65.00 71.00 OK
r-oldrel-macos-arm64 1.0-10 25.00 OK
r-oldrel-macos-x86_64 1.0-10 38.00 OK
r-oldrel-windows-x86_64 1.0-10 7.00 70.00 77.00 OK

Check Details

Version: 1.0-10
Check: CRAN incoming feasibility
Result: NOTE Maintainer: ‘Patrick Mair <mair@fas.harvard.edu>’ Package CITATION file contains call(s) to old-style personList() or as.personList(). Please use c() on person objects instead. Package CITATION file contains call(s) to old-style citEntry(). Please use bibentry() instead. Flavors: r-devel-linux-x86_64-debian-clang, r-devel-linux-x86_64-debian-gcc

Version: 1.0-10
Check: examples
Result: NOTE Examples with CPU (user + system) or elapsed time > 5s user system elapsed homals 6.763 0.024 8.708 Flavor: r-devel-linux-x86_64-debian-clang

Version: 1.0-10
Check: examples
Result: NOTE Examples with CPU (user + system) or elapsed time > 5s user system elapsed homals 4.217 0.235 5.043 Flavor: r-devel-linux-x86_64-debian-gcc