CRAN Package Check Results for Package hopit

Last updated on 2025-04-30 04:50:08 CEST.

Flavor Version Tinstall Tcheck Ttotal Status Flags
r-devel-linux-x86_64-debian-clang 0.11.6 36.00 107.51 143.51 OK
r-devel-linux-x86_64-debian-gcc 0.11.6 28.73 77.92 106.65 OK
r-devel-linux-x86_64-fedora-clang 0.11.6 232.91 OK
r-devel-linux-x86_64-fedora-gcc 0.11.6 243.88 OK
r-devel-windows-x86_64 0.11.6 35.00 143.00 178.00 OK
r-patched-linux-x86_64 0.11.6 35.26 102.36 137.62 OK
r-release-linux-x86_64 0.11.6 34.62 103.97 138.59 OK
r-release-macos-arm64 0.11.6 71.00 OK
r-release-macos-x86_64 0.11.6 144.00 OK
r-release-windows-x86_64 0.11.6 34.00 138.00 172.00 OK
r-oldrel-macos-arm64 0.11.6 72.00 NOTE
r-oldrel-macos-x86_64 0.11.6 112.00 NOTE
r-oldrel-windows-x86_64 0.11.6 44.00 170.00 214.00 OK

Check Details

Version: 0.11.6
Check: installed package size
Result: NOTE installed size is 10.3Mb sub-directories of 1Mb or more: libs 9.6Mb Flavors: r-oldrel-macos-arm64, r-oldrel-macos-x86_64