Last updated on 2025-04-30 04:50:08 CEST.
Flavor | Version | Tinstall | Tcheck | Ttotal | Status | Flags |
---|---|---|---|---|---|---|
r-devel-linux-x86_64-debian-clang | 1.1 | 1.72 | 26.77 | 28.49 | NOTE | |
r-devel-linux-x86_64-debian-gcc | 1.1 | 1.35 | 22.16 | 23.51 | NOTE | |
r-devel-linux-x86_64-fedora-clang | 1.1 | 45.78 | OK | |||
r-devel-linux-x86_64-fedora-gcc | 1.1 | 58.91 | OK | |||
r-devel-windows-x86_64 | 1.1 | 3.00 | 50.00 | 53.00 | OK | |
r-patched-linux-x86_64 | 1.1 | 1.53 | 26.54 | 28.07 | OK | |
r-release-linux-x86_64 | 1.1 | 1.49 | 26.44 | 27.93 | OK | |
r-release-macos-arm64 | 1.1 | 23.00 | OK | |||
r-release-macos-x86_64 | 1.1 | 40.00 | OK | |||
r-release-windows-x86_64 | 1.1 | 3.00 | 50.00 | 53.00 | OK | |
r-oldrel-macos-arm64 | 1.1 | 23.00 | OK | |||
r-oldrel-macos-x86_64 | 1.1 | 34.00 | OK | |||
r-oldrel-windows-x86_64 | 1.1 | 4.00 | 49.00 | 53.00 | OK |
Version: 1.1
Check: CRAN incoming feasibility
Result: NOTE
Maintainer: ‘Kevin Wright <kw.stat@gmail.com>’
The BugReports field in DESCRIPTION has
https://github.com/kwstat/hopkins/
which should likely be
https://github.com/kwstat/hopkins/issues
instead.
Flavors: r-devel-linux-x86_64-debian-clang, r-devel-linux-x86_64-debian-gcc