CRAN Package Check Results for Package horseshoenlm

Last updated on 2025-04-30 04:50:08 CEST.

Flavor Version Tinstall Tcheck Ttotal Status Flags
r-devel-linux-x86_64-debian-clang 0.0.6 2.71 40.91 43.62 NOTE
r-devel-linux-x86_64-debian-gcc 0.0.6 1.89 32.47 34.36 NOTE
r-devel-linux-x86_64-fedora-clang 0.0.6 65.16 NOTE
r-devel-linux-x86_64-fedora-gcc 0.0.6 73.00 NOTE
r-devel-windows-x86_64 0.0.6 4.00 66.00 70.00 OK
r-patched-linux-x86_64 0.0.6 3.06 42.91 45.97 OK
r-release-linux-x86_64 0.0.6 2.78 43.82 46.60 OK
r-release-macos-arm64 0.0.6 33.00 OK
r-release-macos-x86_64 0.0.6 60.00 OK
r-release-windows-x86_64 0.0.6 5.00 64.00 69.00 OK
r-oldrel-macos-arm64 0.0.6 24.00 NOTE
r-oldrel-macos-x86_64 0.0.6 37.00 NOTE
r-oldrel-windows-x86_64 0.0.6 4.00 72.00 76.00 NOTE

Check Details

Version: 0.0.6
Check: examples
Result: NOTE Examples with CPU (user + system) or elapsed time > 5s user system elapsed afths 5.370 0.154 6.300 probiths 4.539 0.000 5.576 Flavor: r-devel-linux-x86_64-debian-clang

Version: 0.0.6
Check: examples
Result: NOTE Examples with CPU (user + system) or elapsed time > 5s user system elapsed afths 4.032 0.205 5.182 Flavor: r-devel-linux-x86_64-debian-gcc

Version: 0.0.6
Check: dependencies in R code
Result: NOTE Namespace in Imports field not imported from: ‘survival’ All declared Imports should be used. Flavors: r-devel-linux-x86_64-fedora-clang, r-devel-linux-x86_64-fedora-gcc

Version: 0.0.6
Check: LazyData
Result: NOTE 'LazyData' is specified without a 'data' directory Flavors: r-oldrel-macos-arm64, r-oldrel-macos-x86_64, r-oldrel-windows-x86_64