Last updated on 2025-04-30 04:50:08 CEST.
Flavor | Version | Tinstall | Tcheck | Ttotal | Status | Flags |
---|---|---|---|---|---|---|
r-devel-linux-x86_64-debian-clang | 1.3.3 | 185.75 | 35.44 | 221.19 | NOTE | |
r-devel-linux-x86_64-debian-gcc | 1.3.3 | 132.75 | 27.04 | 159.79 | NOTE | |
r-devel-linux-x86_64-fedora-clang | 1.3.3 | 373.78 | OK | |||
r-devel-linux-x86_64-fedora-gcc | 1.3.3 | 419.77 | OK | |||
r-devel-windows-x86_64 | 1.3.3 | 194.00 | 94.00 | 288.00 | OK | |
r-patched-linux-x86_64 | 1.3.3 | 187.45 | 33.96 | 221.41 | OK | |
r-release-linux-x86_64 | 1.3.3 | 185.21 | 33.67 | 218.88 | OK | |
r-release-macos-arm64 | 1.3.3 | 82.00 | OK | |||
r-release-macos-x86_64 | 1.3.3 | 86.00 | OK | |||
r-release-windows-x86_64 | 1.3.3 | 195.00 | 86.00 | 281.00 | OK | |
r-oldrel-macos-arm64 | 1.3.3 | 47.00 | NOTE | |||
r-oldrel-macos-x86_64 | 1.3.3 | 47.00 | NOTE | |||
r-oldrel-windows-x86_64 | 1.3.3 | 222.00 | 106.00 | 328.00 | OK |
Version: 1.3.3
Check: CRAN incoming feasibility
Result: NOTE
Maintainer: ‘Potanin Bogdan <bogdanpotanin@gmail.com>’
No Authors@R field in DESCRIPTION.
Please add one, modifying
Authors@R: person(given = "Potanin",
family = "Bogdan",
role = c("aut", "cre"),
email = "bogdanpotanin@gmail.com")
as necessary.
Flavors: r-devel-linux-x86_64-debian-clang, r-devel-linux-x86_64-debian-gcc
Version: 1.3.3
Check: installed package size
Result: NOTE
installed size is 16.9Mb
sub-directories of 1Mb or more:
libs 16.6Mb
Flavors: r-oldrel-macos-arm64, r-oldrel-macos-x86_64