Last updated on 2025-04-30 04:50:08 CEST.
Flavor | Version | Tinstall | Tcheck | Ttotal | Status | Flags |
---|---|---|---|---|---|---|
r-devel-linux-x86_64-debian-clang | 0.3.2 | 17.41 | 154.91 | 172.32 | NOTE | |
r-devel-linux-x86_64-debian-gcc | 0.3.2 | 11.31 | 106.92 | 118.23 | OK | |
r-devel-linux-x86_64-fedora-clang | 0.3.2 | 243.69 | OK | |||
r-devel-linux-x86_64-fedora-gcc | 0.3.2 | 305.95 | OK | |||
r-devel-windows-x86_64 | 0.3.2 | 17.00 | 159.00 | 176.00 | OK | |
r-patched-linux-x86_64 | 0.3.2 | 16.79 | 142.80 | 159.59 | OK | |
r-release-linux-x86_64 | 0.3.2 | 17.55 | 141.30 | 158.85 | OK | |
r-release-macos-arm64 | 0.3.2 | 103.00 | OK | |||
r-release-macos-x86_64 | 0.3.2 | 215.00 | OK | |||
r-release-windows-x86_64 | 0.3.2 | 19.00 | 154.00 | 173.00 | OK | |
r-oldrel-macos-arm64 | 0.3.2 | 95.00 | OK | |||
r-oldrel-macos-x86_64 | 0.3.2 | 157.00 | OK | |||
r-oldrel-windows-x86_64 | 0.3.2 | 23.00 | 201.00 | 224.00 | OK |
Version: 0.3.2
Check: examples
Result: NOTE
Examples with CPU (user + system) or elapsed time > 5s
user system elapsed
plot.seriesaccuracy 5.107 0.044 6.211
Flavor: r-devel-linux-x86_64-debian-clang