Last updated on 2025-04-30 04:50:08 CEST.
Flavor | Version | Tinstall | Tcheck | Ttotal | Status | Flags |
---|---|---|---|---|---|---|
r-devel-linux-x86_64-debian-clang | 0.8.7 | 7.10 | 61.62 | 68.72 | NOTE | |
r-devel-linux-x86_64-debian-gcc | 0.8.7 | 4.98 | 42.36 | 47.34 | NOTE | |
r-devel-linux-x86_64-fedora-clang | 0.8.7 | 94.31 | OK | |||
r-devel-linux-x86_64-fedora-gcc | 0.8.7 | 90.27 | OK | |||
r-devel-windows-x86_64 | 0.8.7 | 11.00 | 79.00 | 90.00 | NOTE | |
r-patched-linux-x86_64 | 0.8.7 | 6.93 | 57.01 | 63.94 | NOTE | |
r-release-linux-x86_64 | 0.8.7 | 6.21 | 56.91 | 63.12 | NOTE | |
r-release-macos-arm64 | 0.8.7 | 37.00 | OK | |||
r-release-macos-x86_64 | 0.8.7 | 60.00 | OK | |||
r-release-windows-x86_64 | 0.8.7 | 10.00 | 78.00 | 88.00 | NOTE | |
r-oldrel-macos-arm64 | 0.8.7 | 32.00 | OK | |||
r-oldrel-macos-x86_64 | 0.8.7 | 48.00 | OK | |||
r-oldrel-windows-x86_64 | 0.8.7 | 11.00 | 91.00 | 102.00 | OK |
Version: 0.8.7
Check: Rd cross-references
Result: NOTE
Found the following Rd file(s) with Rd \link{} targets missing package
anchors:
scale_x_percent.Rd: guides
theme_ipsum.Rd: ggplot2
theme_ipsum_es.Rd: ggplot2
theme_ipsum_gs.Rd: ggplot2
theme_ipsum_inter.Rd: ggplot2
theme_ipsum_ps.Rd: ggplot2
theme_ipsum_pub.Rd: ggplot2
theme_ipsum_rc.Rd: ggplot2
Please provide package anchors for all Rd \link{} targets not in the
package itself and the base packages.
Flavors: r-devel-linux-x86_64-debian-clang, r-devel-linux-x86_64-debian-gcc, r-devel-windows-x86_64, r-patched-linux-x86_64, r-release-linux-x86_64, r-release-windows-x86_64