Last updated on 2025-04-30 04:50:08 CEST.
Flavor | Version | Tinstall | Tcheck | Ttotal | Status | Flags |
---|---|---|---|---|---|---|
r-devel-linux-x86_64-debian-clang | 0.1.1 | 7.11 | 86.15 | 93.26 | NOTE | |
r-devel-linux-x86_64-debian-gcc | 0.1.1 | 4.19 | 65.11 | 69.30 | NOTE | |
r-devel-linux-x86_64-fedora-clang | 0.1.1 | 144.90 | OK | |||
r-devel-linux-x86_64-fedora-gcc | 0.1.1 | 151.45 | OK | |||
r-devel-windows-x86_64 | 0.1.1 | 7.00 | 95.00 | 102.00 | OK | |
r-patched-linux-x86_64 | 0.1.1 | 7.32 | 80.49 | 87.81 | OK | |
r-release-linux-x86_64 | 0.1.1 | 6.59 | 80.42 | 87.01 | OK | |
r-release-macos-arm64 | 0.1.1 | 63.00 | OK | |||
r-release-macos-x86_64 | 0.1.1 | 111.00 | OK | |||
r-release-windows-x86_64 | 0.1.1 | 8.00 | 94.00 | 102.00 | OK | |
r-oldrel-macos-arm64 | 0.1.1 | 46.00 | OK | |||
r-oldrel-macos-x86_64 | 0.1.1 | 91.00 | OK | |||
r-oldrel-windows-x86_64 | 0.1.1 | 9.00 | 113.00 | 122.00 | OK |
Version: 0.1.1
Check: CRAN incoming feasibility
Result: NOTE
Maintainer: ‘Daniel Antiporta <dantiporta@jhu.edu>’
No Authors@R field in DESCRIPTION.
Please add one, modifying
Authors@R: c(person(given = c("Daniel", "Antiporta;", "Matthew", "Matheson", "<mmathes4@jhu.edu>;", "Derek", "Ng", "<dng@jhu.edu>;", "Alvaro", "Munoz"),
family = "<amunoz@jhu.edu>",
role = "aut",
email = "amunoz@jhu.edu"),
person(given = "Daniel",
family = "Antiporta",
role = "cre",
email = "dantiporta@jhu.edu"))
as necessary.
Flavors: r-devel-linux-x86_64-debian-clang, r-devel-linux-x86_64-debian-gcc