Last updated on 2025-02-21 03:52:14 CET.
Flavor | Version | Tinstall | Tcheck | Ttotal | Status | Flags |
---|---|---|---|---|---|---|
r-devel-linux-x86_64-debian-clang | 0.8.2 | 419.76 | 148.39 | 568.15 | OK | |
r-devel-linux-x86_64-debian-gcc | 0.8.2 | 400.28 | 145.40 | 545.68 | OK | |
r-devel-linux-x86_64-fedora-clang | 0.8.2 | 926.69 | OK | |||
r-devel-linux-x86_64-fedora-gcc | 0.8.2 | 1233.22 | OK | |||
r-devel-macos-arm64 | 0.8.2 | 241.00 | OK | |||
r-devel-macos-x86_64 | 0.8.2 | 264.00 | OK | |||
r-devel-windows-x86_64 | 0.8.2 | 403.00 | 240.00 | 643.00 | OK | |
r-patched-linux-x86_64 | 0.8.2 | 508.39 | 183.89 | 692.28 | OK | |
r-release-linux-x86_64 | 0.8.2 | 506.49 | 188.56 | 695.05 | OK | |
r-release-macos-arm64 | 0.8.2 | 124.00 | NOTE | |||
r-release-macos-x86_64 | 0.8.2 | 131.00 | NOTE | |||
r-release-windows-x86_64 | 0.8.2 | 419.00 | 231.00 | 650.00 | OK | |
r-oldrel-macos-arm64 | 0.8.2 | 212.00 | NOTE | |||
r-oldrel-macos-x86_64 | 0.8.2 | 263.00 | NOTE | |||
r-oldrel-windows-x86_64 | 0.8.2 | 555.00 | 283.00 | 838.00 | OK |
Version: 0.8.2
Check: installed package size
Result: NOTE
installed size is 90.0Mb
sub-directories of 1Mb or more:
libs 89.5Mb
Flavors: r-release-macos-arm64, r-release-macos-x86_64, r-oldrel-macos-arm64, r-oldrel-macos-x86_64
Version: 0.8.2
Check: for GNU extensions in Makefiles
Result: NOTE
GNU make is a SystemRequirements.
Flavors: r-release-macos-arm64, r-release-macos-x86_64, r-oldrel-macos-arm64, r-oldrel-macos-x86_64