CRAN Package Check Results for Package html2R

Last updated on 2025-02-22 05:51:37 CET.

Flavor Version Tinstall Tcheck Ttotal Status Flags
r-devel-linux-x86_64-debian-clang 0.1.0 3.85 32.09 35.94 OK
r-devel-linux-x86_64-debian-gcc 0.1.0 2.97 24.51 27.48 OK
r-devel-linux-x86_64-fedora-clang 0.1.0 56.32 OK
r-devel-linux-x86_64-fedora-gcc 0.1.0 56.51 OK
r-devel-macos-arm64 0.1.0 23.00 OK
r-devel-macos-x86_64 0.1.0 36.00 OK
r-devel-windows-x86_64 0.1.0 6.00 51.00 57.00 OK
r-patched-linux-x86_64 0.1.0 3.90 31.43 35.33 NOTE
r-release-linux-x86_64 0.1.0 3.68 30.75 34.43 NOTE
r-release-macos-arm64 0.1.0 22.00 NOTE
r-release-macos-x86_64 0.1.0 32.00 NOTE
r-release-windows-x86_64 0.1.0 5.00 51.00 56.00 NOTE
r-oldrel-macos-arm64 0.1.0 24.00 NOTE
r-oldrel-macos-x86_64 0.1.0 30.00 NOTE
r-oldrel-windows-x86_64 0.1.0 7.00 56.00 63.00 NOTE

Check Details

Version: 0.1.0
Check: LazyData
Result: NOTE 'LazyData' is specified without a 'data' directory Flavors: r-patched-linux-x86_64, r-release-linux-x86_64, r-release-macos-arm64, r-release-macos-x86_64, r-release-windows-x86_64, r-oldrel-macos-arm64, r-oldrel-macos-x86_64, r-oldrel-windows-x86_64