CRAN Package Check Results for Package htsDegenerateR

Last updated on 2025-04-30 04:50:08 CEST.

Flavor Version Tinstall Tcheck Ttotal Status Flags
r-devel-linux-x86_64-debian-clang 0.1.0 2.31 27.46 29.77 NOTE
r-devel-linux-x86_64-debian-gcc 0.1.0 1.81 21.79 23.60 OK
r-devel-linux-x86_64-fedora-clang 0.1.0 46.95 OK
r-devel-linux-x86_64-fedora-gcc 0.1.0 44.67 OK
r-devel-windows-x86_64 0.1.0 4.00 50.00 54.00 OK
r-patched-linux-x86_64 0.1.0 2.08 27.33 29.41 OK
r-release-linux-x86_64 0.1.0 2.25 26.64 28.89 OK
r-release-macos-arm64 0.1.0 18.00 OK
r-release-macos-x86_64 0.1.0 27.00 OK
r-release-windows-x86_64 0.1.0 3.00 49.00 52.00 OK
r-oldrel-macos-arm64 0.1.0 21.00 OK
r-oldrel-macos-x86_64 0.1.0 36.00 OK
r-oldrel-windows-x86_64 0.1.0 5.00 51.00 56.00 OK

Check Details

Version: 0.1.0
Check: examples
Result: NOTE Examples with CPU (user + system) or elapsed time > 5s user system elapsed MinT 4.695 0.287 6.24 Flavor: r-devel-linux-x86_64-debian-clang