Last updated on 2025-04-30 04:50:08 CEST.
Flavor | Version | Tinstall | Tcheck | Ttotal | Status | Flags |
---|---|---|---|---|---|---|
r-devel-linux-x86_64-debian-clang | 0.2.0 | 3.44 | 32.19 | 35.63 | NOTE | |
r-devel-linux-x86_64-debian-gcc | 0.2.0 | 2.25 | 25.10 | 27.35 | NOTE | |
r-devel-linux-x86_64-fedora-clang | 0.2.0 | 53.60 | OK | |||
r-devel-linux-x86_64-fedora-gcc | 0.2.0 | 51.64 | OK | |||
r-devel-windows-x86_64 | 0.2.0 | 5.00 | 58.00 | 63.00 | OK | |
r-patched-linux-x86_64 | 0.2.0 | 3.51 | 30.13 | 33.64 | OK | |
r-release-linux-x86_64 | 0.2.0 | 3.20 | 29.72 | 32.92 | OK | |
r-release-macos-arm64 | 0.2.0 | 24.00 | OK | |||
r-release-macos-x86_64 | 0.2.0 | 38.00 | OK | |||
r-release-windows-x86_64 | 0.2.0 | 5.00 | 57.00 | 62.00 | OK | |
r-oldrel-macos-arm64 | 0.2.0 | 22.00 | OK | |||
r-oldrel-macos-x86_64 | 0.2.0 | 30.00 | OK | |||
r-oldrel-windows-x86_64 | 0.2.0 | 6.00 | 56.00 | 62.00 | OK |
Version: 0.2.0
Check: CRAN incoming feasibility
Result: NOTE
Maintainer: ‘Scott Chamberlain <myrmecocystus@gmail.com>’
Found the following (possibly) invalid file URI:
URI: CODE_OF_CONDUCT.md
From: README.md
Flavors: r-devel-linux-x86_64-debian-clang, r-devel-linux-x86_64-debian-gcc