Last updated on 2025-04-30 04:50:08 CEST.
Flavor | Version | Tinstall | Tcheck | Ttotal | Status | Flags |
---|---|---|---|---|---|---|
r-devel-linux-x86_64-debian-clang | 1.6.16 | 88.26 | 37.57 | 125.83 | OK | |
r-devel-linux-x86_64-debian-gcc | 1.6.16 | 68.35 | 30.17 | 98.52 | OK | |
r-devel-linux-x86_64-fedora-clang | 1.6.16 | 284.44 | OK | |||
r-devel-linux-x86_64-fedora-gcc | 1.6.16 | 246.13 | OK | |||
r-devel-windows-x86_64 | 1.6.16 | 176.00 | 83.00 | 259.00 | OK | |
r-patched-linux-x86_64 | 1.6.16 | 96.98 | 35.69 | 132.67 | OK | |
r-release-linux-x86_64 | 1.6.16 | 100.12 | 35.64 | 135.76 | OK | |
r-release-macos-arm64 | 1.6.16 | 127.00 | OK | |||
r-release-macos-x86_64 | 1.6.16 | 142.00 | OK | |||
r-release-windows-x86_64 | 1.6.16 | 178.00 | 85.00 | 263.00 | OK | |
r-oldrel-macos-arm64 | 1.6.16 | 140.00 | NOTE | |||
r-oldrel-macos-x86_64 | 1.6.16 | 149.00 | NOTE | |||
r-oldrel-windows-x86_64 | 1.6.16 | 192.00 | 95.00 | 287.00 | NOTE |
Version: 1.6.16
Check: installed package size
Result: NOTE
installed size is 9.7Mb
sub-directories of 1Mb or more:
libs 9.3Mb
Flavors: r-oldrel-macos-arm64, r-oldrel-macos-x86_64
Version: 1.6.16
Check: for GNU extensions in Makefiles
Result: NOTE
GNU make is a SystemRequirements.
Flavors: r-oldrel-macos-arm64, r-oldrel-macos-x86_64, r-oldrel-windows-x86_64