Last updated on 2025-04-30 04:50:08 CEST.
Flavor | Version | Tinstall | Tcheck | Ttotal | Status | Flags |
---|---|---|---|---|---|---|
r-devel-linux-x86_64-debian-clang | 0.2.5 | 8.18 | 117.92 | 126.10 | OK | |
r-devel-linux-x86_64-debian-gcc | 0.2.5 | 5.36 | 69.93 | 75.29 | ERROR | |
r-devel-linux-x86_64-fedora-clang | 0.2.5 | 186.90 | OK | |||
r-devel-linux-x86_64-fedora-gcc | 0.2.5 | 183.68 | OK | |||
r-devel-windows-x86_64 | 0.2.5 | 12.00 | 132.00 | 144.00 | OK | |
r-patched-linux-x86_64 | 0.2.5 | 6.72 | 107.49 | 114.21 | OK | |
r-release-linux-x86_64 | 0.2.5 | 7.20 | 105.06 | 112.26 | OK | |
r-release-macos-arm64 | 0.2.5 | 71.00 | OK | |||
r-release-macos-x86_64 | 0.2.5 | 80.00 | ERROR | |||
r-release-windows-x86_64 | 0.2.5 | 10.00 | 130.00 | 140.00 | OK | |
r-oldrel-macos-arm64 | 0.2.5 | 74.00 | OK | |||
r-oldrel-macos-x86_64 | 0.2.5 | 165.00 | OK | |||
r-oldrel-windows-x86_64 | 0.2.5 | 12.00 | 159.00 | 171.00 | OK |
Version: 0.2.5
Check: re-building of vignette outputs
Result: ERROR
Error(s) in re-building vignettes:
...
--- re-building ‘germinar.Rmd’ using rmarkdown
Quitting from germinar.Rmd:13-16 [setup]
~~~~~~~~~~~~~~~~~~~~~~~~~~~~~~~~~~~~~~~~~~~~~~~~~~~~~~~~~~~~~~~~~~~~~~~~~~~~~~~~
<error/rlang_error>
Error in `file()`:
! cannot open the connection to 'https://raw.githubusercontent.com/Flavjack/inti/master/pkgdown/favicon/docs.r'
---
Backtrace:
▆
1. └─base::source("https://raw.githubusercontent.com/Flavjack/inti/master/pkgdown/favicon/docs.r")
2. └─base::file(filename, "r", encoding = encoding)
~~~~~~~~~~~~~~~~~~~~~~~~~~~~~~~~~~~~~~~~~~~~~~~~~~~~~~~~~~~~~~~~~~~~~~~~~~~~~~~~
Error: processing vignette 'germinar.Rmd' failed with diagnostics:
cannot open the connection to 'https://raw.githubusercontent.com/Flavjack/inti/master/pkgdown/favicon/docs.r'
--- failed re-building ‘germinar.Rmd’
--- re-building ‘huito.Rmd’ using rmarkdown
Quitting from huito.Rmd:20-23 [setup]
~~~~~~~~~~~~~~~~~~~~~~~~~~~~~~~~~~~~~~~~~~~~~~~~~~~~~~~~~~~~~~~~~~~~~~~~~~~~~~~~
<error/rlang_error>
Error in `file()`:
! cannot open the connection to 'https://raw.githubusercontent.com/Flavjack/inti/master/pkgdown/favicon/docs.r'
---
Backtrace:
▆
1. └─base::source("https://raw.githubusercontent.com/Flavjack/inti/master/pkgdown/favicon/docs.r")
2. └─base::file(filename, "r", encoding = encoding)
~~~~~~~~~~~~~~~~~~~~~~~~~~~~~~~~~~~~~~~~~~~~~~~~~~~~~~~~~~~~~~~~~~~~~~~~~~~~~~~~
Error: processing vignette 'huito.Rmd' failed with diagnostics:
cannot open the connection to 'https://raw.githubusercontent.com/Flavjack/inti/master/pkgdown/favicon/docs.r'
--- failed re-building ‘huito.Rmd’
--- re-building ‘labels.Rmd’ using rmarkdown
** Processing: /home/hornik/tmp/R.check/r-devel-gcc/Work/PKGS/huito.Rcheck/vign_test/huito/vignettes/labels_files/figure-html/unnamed-chunk-3-1.png
288x288 pixels, 3x8 bits/pixel, RGB
Input IDAT size = 5960 bytes
Input file size = 6038 bytes
Trying:
zc = 9 zm = 8 zs = 0 f = 0 IDAT size = 4175
zc = 9 zm = 8 zs = 1 f = 0
zc = 1 zm = 8 zs = 2 f = 0
zc = 9 zm = 8 zs = 3 f = 0
zc = 9 zm = 8 zs = 0 f = 5
zc = 9 zm = 8 zs = 1 f = 5
zc = 1 zm = 8 zs = 2 f = 5
zc = 9 zm = 8 zs = 3 f = 5
Selecting parameters:
zc = 9 zm = 8 zs = 0 f = 0 IDAT size = 4175
Output IDAT size = 4175 bytes (1785 bytes decrease)
Output file size = 4253 bytes (1785 bytes = 29.56% decrease)
--- finished re-building ‘labels.Rmd’
--- re-building ‘stickers.Rmd’ using rmarkdown
** Processing: /home/hornik/tmp/R.check/r-devel-gcc/Work/PKGS/huito.Rcheck/vign_test/huito/vignettes/stickers_files/figure-html/unnamed-chunk-2-1.png
288x288 pixels, 3x8 bits/pixel, RGB
Input IDAT size = 16842 bytes
Input file size = 16944 bytes
Trying:
zc = 9 zm = 8 zs = 0 f = 0 IDAT size = 13416
zc = 9 zm = 8 zs = 1 f = 0
zc = 1 zm = 8 zs = 2 f = 0
zc = 9 zm = 8 zs = 3 f = 0
zc = 9 zm = 8 zs = 0 f = 5
zc = 9 zm = 8 zs = 1 f = 5
zc = 1 zm = 8 zs = 2 f = 5
zc = 9 zm = 8 zs = 3 f = 5
Selecting parameters:
zc = 9 zm = 8 zs = 0 f = 0 IDAT size = 13416
Output IDAT size = 13416 bytes (3426 bytes decrease)
Output file size = 13494 bytes (3450 bytes = 20.36% decrease)
--- finished re-building ‘stickers.Rmd’
SUMMARY: processing the following files failed:
‘germinar.Rmd’ ‘huito.Rmd’
Error: Vignette re-building failed.
Execution halted
Flavor: r-devel-linux-x86_64-debian-gcc
Version: 0.2.5
Check: re-building of vignette outputs
Result: ERROR
Error(s) in re-building vignettes:
--- re-building ‘germinar.Rmd’ using rmarkdown
Quitting from lines 14-16 [setup] (germinar.Rmd)
Error: processing vignette 'germinar.Rmd' failed with diagnostics:
trying to use CRAN without setting a mirror
--- failed re-building ‘germinar.Rmd’
--- re-building ‘huito.Rmd’ using rmarkdown
Quitting from lines 21-23 [setup] (huito.Rmd)
Error: processing vignette 'huito.Rmd' failed with diagnostics:
trying to use CRAN without setting a mirror
--- failed re-building ‘huito.Rmd’
--- re-building ‘labels.Rmd’ using rmarkdown
Quitting from lines 14-15 [setup] (labels.Rmd)
Error: processing vignette 'labels.Rmd' failed with diagnostics:
trying to use CRAN without setting a mirror
--- failed re-building ‘labels.Rmd’
--- re-building ‘stickers.Rmd’ using rmarkdown
Quitting from lines 14-15 [setup] (stickers.Rmd)
Error: processing vignette 'stickers.Rmd' failed with diagnostics:
trying to use CRAN without setting a mirror
--- failed re-building ‘stickers.Rmd’
SUMMARY: processing the following files failed:
‘germinar.Rmd’ ‘huito.Rmd’ ‘labels.Rmd’ ‘stickers.Rmd’
Error: Vignette re-building failed.
Execution halted
Flavor: r-release-macos-x86_64