Last updated on 2025-04-30 04:50:08 CEST.
Flavor | Version | Tinstall | Tcheck | Ttotal | Status | Flags |
---|---|---|---|---|---|---|
r-devel-linux-x86_64-debian-clang | 2.3.2 | 76.04 | 26.04 | 102.08 | OK | |
r-devel-linux-x86_64-debian-gcc | 2.3.2 | 62.35 | 21.18 | 83.53 | OK | |
r-devel-linux-x86_64-fedora-clang | 2.3.2 | 156.92 | OK | |||
r-devel-linux-x86_64-fedora-gcc | 2.3.2 | 185.72 | OK | |||
r-devel-windows-x86_64 | 2.3.2 | 72.00 | 73.00 | 145.00 | OK | |
r-patched-linux-x86_64 | 2.3.2 | 81.57 | 25.21 | 106.78 | OK | |
r-release-linux-x86_64 | 2.3.2 | 82.47 | 25.26 | 107.73 | OK | |
r-release-macos-arm64 | 2.3.2 | 40.00 | OK | |||
r-release-macos-x86_64 | 2.3.2 | 50.00 | OK | |||
r-release-windows-x86_64 | 2.3.2 | 68.00 | 71.00 | 139.00 | OK | |
r-oldrel-macos-arm64 | 2.3.2 | 46.00 | NOTE | |||
r-oldrel-macos-x86_64 | 2.3.2 | 60.00 | NOTE | |||
r-oldrel-windows-x86_64 | 2.3.2 | 68.00 | 80.00 | 148.00 | OK |
Version: 2.3.2
Check: installed package size
Result: NOTE
installed size is 7.9Mb
sub-directories of 1Mb or more:
libs 7.8Mb
Flavors: r-oldrel-macos-arm64, r-oldrel-macos-x86_64