Last updated on 2025-04-30 04:50:08 CEST.
Flavor | Version | Tinstall | Tcheck | Ttotal | Status | Flags |
---|---|---|---|---|---|---|
r-devel-linux-x86_64-debian-clang | 0.1.5 | 1.81 | 24.09 | 25.90 | NOTE | |
r-devel-linux-x86_64-debian-gcc | 0.1.5 | 1.44 | 19.93 | 21.37 | NOTE | |
r-devel-linux-x86_64-fedora-clang | 0.1.5 | 40.16 | OK | |||
r-devel-linux-x86_64-fedora-gcc | 0.1.5 | 59.37 | OK | |||
r-devel-windows-x86_64 | 0.1.5 | 3.00 | 50.00 | 53.00 | OK | |
r-patched-linux-x86_64 | 0.1.5 | 1.99 | 22.15 | 24.14 | OK | |
r-release-linux-x86_64 | 0.1.5 | 1.88 | 22.03 | 23.91 | OK | |
r-release-macos-arm64 | 0.1.5 | 22.00 | OK | |||
r-release-macos-x86_64 | 0.1.5 | 41.00 | OK | |||
r-release-windows-x86_64 | 0.1.5 | 3.00 | 48.00 | 51.00 | OK | |
r-oldrel-macos-arm64 | 0.1.5 | 23.00 | OK | |||
r-oldrel-macos-x86_64 | 0.1.5 | 38.00 | OK | |||
r-oldrel-windows-x86_64 | 0.1.5 | 4.00 | 48.00 | 52.00 | OK |
Version: 0.1.5
Check: CRAN incoming feasibility
Result: NOTE
Maintainer: ‘Jun Cai <cai-j12@mails.tsinghua.edu.cn>’
Package CITATION file contains call(s) to old-style citEntry(). Please
use bibentry() instead.
Flavors: r-devel-linux-x86_64-debian-clang, r-devel-linux-x86_64-debian-gcc