Last updated on 2025-04-30 04:50:08 CEST.
Flavor | Version | Tinstall | Tcheck | Ttotal | Status | Flags |
---|---|---|---|---|---|---|
r-devel-linux-x86_64-debian-clang | 2.0.2 | 228.04 | 185.05 | 413.09 | NOTE | |
r-devel-linux-x86_64-debian-gcc | 2.0.2 | 214.02 | 140.68 | 354.70 | NOTE | |
r-devel-linux-x86_64-fedora-clang | 2.0.2 | 646.28 | NOTE | |||
r-devel-linux-x86_64-fedora-gcc | 2.0.2 | 808.93 | NOTE | |||
r-devel-windows-x86_64 | 2.0.2 | 268.00 | 265.00 | 533.00 | NOTE | |
r-patched-linux-x86_64 | 2.0.2 | 272.27 | 197.45 | 469.72 | NOTE | |
r-release-linux-x86_64 | 2.0.2 | 276.10 | 194.32 | 470.42 | NOTE | |
r-release-macos-arm64 | 2.0.2 | 176.00 | NOTE | |||
r-release-macos-x86_64 | 2.0.2 | 308.00 | NOTE | |||
r-release-windows-x86_64 | 2.0.2 | 265.00 | 263.00 | 528.00 | NOTE | |
r-oldrel-macos-arm64 | 2.0.2 | 102.00 | NOTE | |||
r-oldrel-macos-x86_64 | 2.0.2 | 150.00 | NOTE | |||
r-oldrel-windows-x86_64 | 2.0.2 | 298.00 | 325.00 | 623.00 | NOTE |
Version: 2.0.2
Check: Rd files
Result: NOTE
checkRd: (-1) simgl.Rd:50: Lost braces; missing escapes or markup?
50 | Uses the {updog} R package for simulating read counts and generating
| ^
Flavors: r-devel-linux-x86_64-debian-clang, r-devel-linux-x86_64-debian-gcc, r-devel-linux-x86_64-fedora-clang, r-devel-linux-x86_64-fedora-gcc, r-devel-windows-x86_64, r-patched-linux-x86_64, r-release-linux-x86_64, r-release-macos-arm64, r-release-macos-x86_64, r-release-windows-x86_64, r-oldrel-macos-arm64, r-oldrel-macos-x86_64, r-oldrel-windows-x86_64
Version: 2.0.2
Check: Rd cross-references
Result: NOTE
Found the following Rd file(s) with Rd \link{} targets missing package
anchors:
hwep-package.Rd: future
Please provide package anchors for all Rd \link{} targets not in the
package itself and the base packages.
Flavors: r-devel-linux-x86_64-debian-clang, r-devel-linux-x86_64-debian-gcc, r-devel-windows-x86_64, r-patched-linux-x86_64, r-release-linux-x86_64, r-release-windows-x86_64
Version: 2.0.2
Check: examples
Result: NOTE
Examples with CPU (user + system) or elapsed time > 5s
user system elapsed
hweboot 8.154 0.087 12.101
hwefit 1.089 0.064 23.981
Flavor: r-devel-linux-x86_64-debian-clang
Version: 2.0.2
Check: examples
Result: NOTE
Examples with CPU (user + system) or elapsed time > 5s
user system elapsed
hweboot 4.315 0.085 5.278
hwefit 0.784 0.083 15.441
Flavor: r-devel-linux-x86_64-debian-gcc
Version: 2.0.2
Check: installed package size
Result: NOTE
installed size is 50.5Mb
sub-directories of 1Mb or more:
libs 49.9Mb
Flavors: r-oldrel-macos-arm64, r-oldrel-macos-x86_64
Version: 2.0.2
Check: for GNU extensions in Makefiles
Result: NOTE
GNU make is a SystemRequirements.
Flavors: r-oldrel-macos-arm64, r-oldrel-macos-x86_64, r-oldrel-windows-x86_64