Last updated on 2025-04-30 04:50:08 CEST.
Flavor | Version | Tinstall | Tcheck | Ttotal | Status | Flags |
---|---|---|---|---|---|---|
r-devel-linux-x86_64-debian-clang | 1.3.2.1 | 2.07 | 25.02 | 27.09 | NOTE | |
r-devel-linux-x86_64-debian-gcc | 1.3.2.1 | 1.41 | 19.48 | 20.89 | NOTE | |
r-devel-linux-x86_64-fedora-clang | 1.3.2.1 | 42.16 | OK | |||
r-devel-linux-x86_64-fedora-gcc | 1.3.2.1 | 54.04 | OK | |||
r-devel-windows-x86_64 | 1.3.2.1 | 2.00 | 59.00 | 61.00 | OK | |
r-patched-linux-x86_64 | 1.3.2.1 | 2.23 | 23.55 | 25.78 | OK | |
r-release-linux-x86_64 | 1.3.2.1 | 2.11 | 23.60 | 25.71 | OK | |
r-release-macos-arm64 | 1.3.2.1 | 23.00 | OK | |||
r-release-macos-x86_64 | 1.3.2.1 | 46.00 | OK | |||
r-release-windows-x86_64 | 1.3.2.1 | 3.00 | 61.00 | 64.00 | OK | |
r-oldrel-macos-arm64 | 1.3.2.1 | 22.00 | OK | |||
r-oldrel-macos-x86_64 | 1.3.2.1 | 37.00 | OK | |||
r-oldrel-windows-x86_64 | 1.3.2.1 | 3.00 | 57.00 | 60.00 | OK |
Version: 1.3.2.1
Check: CRAN incoming feasibility
Result: NOTE
Maintainer: ‘Gregoire Pau <gregoire.pau@gmail.com>’
No Authors@R field in DESCRIPTION.
Please add one, modifying
Authors@R: person(given = "Gregoire",
family = "Pau",
role = c("aut", "cre"),
email = "gregoire.pau@gmail.com")
as necessary.
Flavors: r-devel-linux-x86_64-debian-clang, r-devel-linux-x86_64-debian-gcc