CRAN Package Check Results for Package hyfo

Last updated on 2025-04-30 04:50:08 CEST.

Flavor Version Tinstall Tcheck Ttotal Status Flags
r-devel-linux-x86_64-debian-clang 1.4.6 13.28 116.25 129.53 NOTE
r-devel-linux-x86_64-debian-gcc 1.4.6 8.08 80.89 88.97 NOTE
r-devel-linux-x86_64-fedora-clang 1.4.6 185.61 NOTE
r-devel-linux-x86_64-fedora-gcc 1.4.6 202.81 NOTE
r-devel-windows-x86_64 1.4.6 13.00 134.00 147.00 NOTE
r-patched-linux-x86_64 1.4.6 12.34 110.40 122.74 NOTE
r-release-linux-x86_64 1.4.6 11.62 110.36 121.98 NOTE
r-release-macos-arm64 1.4.6 88.00 NOTE
r-release-macos-x86_64 1.4.6 120.00 NOTE
r-release-windows-x86_64 1.4.6 15.00 134.00 149.00 NOTE
r-oldrel-macos-arm64 1.4.6 58.00 NOTE
r-oldrel-macos-x86_64 1.4.6 97.00 NOTE
r-oldrel-windows-x86_64 1.4.6 17.00 159.00 176.00 NOTE

Check Details

Version: 1.4.6
Check: Rd files
Result: NOTE checkRd: (-1) extractPeriod.Rd:57: Lost braces 57 | NOTE: all the dates in the datalist should follow the format in ?as.Date{base}. | ^ Flavors: r-devel-linux-x86_64-debian-clang, r-devel-linux-x86_64-debian-gcc, r-devel-linux-x86_64-fedora-clang, r-devel-linux-x86_64-fedora-gcc, r-devel-windows-x86_64, r-patched-linux-x86_64, r-release-linux-x86_64, r-release-macos-arm64, r-release-macos-x86_64, r-release-windows-x86_64, r-oldrel-macos-arm64, r-oldrel-macos-x86_64, r-oldrel-windows-x86_64