Last updated on 2025-04-30 04:50:08 CEST.
Flavor | Version | Tinstall | Tcheck | Ttotal | Status | Flags |
---|---|---|---|---|---|---|
r-devel-linux-x86_64-debian-clang | 1.3.0 | 142.81 | 66.05 | 208.86 | OK | |
r-devel-linux-x86_64-debian-gcc | 1.3.0 | 101.72 | 47.90 | 149.62 | OK | |
r-devel-linux-x86_64-fedora-clang | 1.3.0 | 405.38 | OK | |||
r-devel-linux-x86_64-fedora-gcc | 1.3.0 | 374.64 | OK | |||
r-devel-windows-x86_64 | 1.3.0 | 162.00 | 109.00 | 271.00 | OK | |
r-patched-linux-x86_64 | 1.3.0 | 145.09 | 61.76 | 206.85 | OK | |
r-release-linux-x86_64 | 1.3.0 | 140.32 | 61.08 | 201.40 | OK | |
r-release-macos-arm64 | 1.3.0 | 92.00 | OK | |||
r-release-macos-x86_64 | 1.3.0 | 99.00 | OK | |||
r-release-windows-x86_64 | 1.3.0 | 164.00 | 107.00 | 271.00 | OK | |
r-oldrel-macos-arm64 | 1.3.0 | 80.00 | NOTE | |||
r-oldrel-macos-x86_64 | 1.3.0 | 93.00 | NOTE | |||
r-oldrel-windows-x86_64 | 1.3.0 | 182.00 | 129.00 | 311.00 | OK |
Version: 1.3.0
Check: installed package size
Result: NOTE
installed size is 7.4Mb
sub-directories of 1Mb or more:
libs 7.0Mb
Flavors: r-oldrel-macos-arm64, r-oldrel-macos-x86_64