Last updated on 2025-11-04 03:50:53 CET.
| Flavor | Version | Tinstall | Tcheck | Ttotal | Status | Flags | 
|---|---|---|---|---|---|---|
| r-devel-linux-x86_64-debian-clang | 1.0.0 | 11.09 | 198.74 | 209.83 | NOTE | |
| r-devel-linux-x86_64-debian-gcc | 1.0.0 | 9.49 | 131.91 | 141.40 | NOTE | |
| r-devel-linux-x86_64-fedora-clang | 1.0.0 | 24.00 | 300.68 | 324.68 | OK | |
| r-devel-linux-x86_64-fedora-gcc | 1.0.0 | 25.00 | 306.65 | 331.65 | OK | |
| r-devel-windows-x86_64 | 1.0.0 | 12.00 | 172.00 | 184.00 | OK | |
| r-patched-linux-x86_64 | 1.0.0 | 12.14 | 198.48 | 210.62 | OK | |
| r-release-linux-x86_64 | 1.0.0 | 11.98 | 198.09 | 210.07 | OK | |
| r-release-macos-arm64 | 1.0.0 | 6.00 | 118.00 | 124.00 | OK | |
| r-release-macos-x86_64 | 1.0.0 | 11.00 | 226.00 | 237.00 | OK | |
| r-release-windows-x86_64 | 1.0.0 | 13.00 | 176.00 | 189.00 | OK | |
| r-oldrel-macos-arm64 | 1.0.0 | 5.00 | 88.00 | 93.00 | OK | |
| r-oldrel-macos-x86_64 | 1.0.0 | 8.00 | 143.00 | 151.00 | OK | |
| r-oldrel-windows-x86_64 | 1.0.0 | 17.00 | 259.00 | 276.00 | OK | 
Version: 1.0.0
Check: CRAN incoming feasibility
Result: NOTE
  Maintainer: ‘Shengbin Ye <sy53@rice.edu>’
  
  The Description field contains
    <arXiv:2110.10195>.
  Please refer to arXiv e-prints via their arXiv DOI <doi:10.48550/arXiv.YYMM.NNNNN>.
Flavors: r-devel-linux-x86_64-debian-clang, r-devel-linux-x86_64-debian-gcc