Last updated on 2025-02-23 03:50:42 CET.
Flavor | Version | Tinstall | Tcheck | Ttotal | Status | Flags |
---|---|---|---|---|---|---|
r-devel-linux-x86_64-debian-clang | 2.0.1 | 1.26 | 22.20 | 23.46 | OK | |
r-devel-linux-x86_64-debian-gcc | 2.0.1 | 1.30 | 18.01 | 19.31 | OK | |
r-devel-linux-x86_64-fedora-clang | 2.0.1 | 38.46 | OK | |||
r-devel-linux-x86_64-fedora-gcc | 2.0.1 | 35.85 | OK | |||
r-devel-macos-arm64 | 2.0.1 | 21.00 | OK | |||
r-devel-macos-x86_64 | 2.0.1 | 31.00 | OK | |||
r-devel-windows-x86_64 | 2.0.1 | 2.00 | 42.00 | 44.00 | OK | |
r-patched-linux-x86_64 | 2.0.1 | 1.82 | 22.46 | 24.28 | OK | |
r-release-linux-x86_64 | 2.0.1 | 1.46 | 21.87 | 23.33 | OK | |
r-release-macos-arm64 | 2.0.1 | 19.00 | NOTE | |||
r-release-macos-x86_64 | 2.0.1 | 43.00 | NOTE | |||
r-release-windows-x86_64 | 2.0.1 | 3.00 | 42.00 | 45.00 | NOTE | |
r-oldrel-macos-arm64 | 2.0.1 | 24.00 | NOTE | |||
r-oldrel-macos-x86_64 | 2.0.1 | 44.00 | NOTE | |||
r-oldrel-windows-x86_64 | 2.0.1 | 6.00 | 43.00 | 49.00 | NOTE |
Version: 2.0.1
Check: installed package size
Result: NOTE
installed size is 5.7Mb
sub-directories of 1Mb or more:
data 5.6Mb
Flavors: r-release-macos-arm64, r-release-macos-x86_64, r-release-windows-x86_64, r-oldrel-macos-arm64, r-oldrel-macos-x86_64, r-oldrel-windows-x86_64