Last updated on 2025-04-30 04:50:09 CEST.
Flavor | Version | Tinstall | Tcheck | Ttotal | Status | Flags |
---|---|---|---|---|---|---|
r-devel-linux-x86_64-debian-clang | 2.0.0 | 8.03 | 123.95 | 131.98 | NOTE | |
r-devel-linux-x86_64-debian-gcc | 2.0.0 | 5.17 | 85.16 | 90.33 | NOTE | |
r-devel-linux-x86_64-fedora-clang | 2.0.0 | 216.07 | NOTE | |||
r-devel-linux-x86_64-fedora-gcc | 2.0.0 | 201.41 | NOTE | |||
r-devel-windows-x86_64 | 2.0.0 | 9.00 | 125.00 | 134.00 | NOTE | |
r-patched-linux-x86_64 | 2.0.0 | 8.19 | 118.29 | 126.48 | NOTE | |
r-release-linux-x86_64 | 2.0.0 | 5.40 | 115.92 | 121.32 | NOTE | |
r-release-macos-arm64 | 2.0.0 | 55.00 | NOTE | |||
r-release-macos-x86_64 | 2.0.0 | 113.00 | NOTE | |||
r-release-windows-x86_64 | 2.0.0 | 9.00 | 122.00 | 131.00 | NOTE | |
r-oldrel-macos-arm64 | 2.0.0 | 60.00 | OK | |||
r-oldrel-macos-x86_64 | 2.0.0 | 84.00 | OK | |||
r-oldrel-windows-x86_64 | 2.0.0 | 13.00 | 160.00 | 173.00 | OK |
Version: 2.0.0
Check: DESCRIPTION meta-information
Result: NOTE
Missing dependency on R >= 4.1.0 because package code uses the pipe
|> or function shorthand \(...) syntax added in R 4.1.0.
File(s) using such syntax:
‘decomposition.R’ ‘feat.R’ ‘forecastplot.R’ ‘iNZightTS.R’ ‘rawplot.R’
‘seasonplot.R’
Flavors: r-devel-linux-x86_64-debian-clang, r-devel-linux-x86_64-debian-gcc, r-devel-linux-x86_64-fedora-clang, r-devel-linux-x86_64-fedora-gcc, r-devel-windows-x86_64, r-patched-linux-x86_64, r-release-linux-x86_64, r-release-macos-arm64, r-release-macos-x86_64, r-release-windows-x86_64
Version: 2.0.0
Check: examples
Result: NOTE
Examples with CPU (user + system) or elapsed time > 5s
user system elapsed
forecastplot 3.959 0.191 6.349
Flavor: r-devel-linux-x86_64-debian-clang