Last updated on 2025-02-21 03:52:15 CET.
Flavor | Version | Tinstall | Tcheck | Ttotal | Status | Flags |
---|---|---|---|---|---|---|
r-devel-linux-x86_64-debian-clang | 2.0.1 | 13.04 | 124.96 | 138.00 | NOTE | |
r-devel-linux-x86_64-debian-gcc | 2.0.1 | 8.06 | 87.77 | 95.83 | NOTE | |
r-devel-linux-x86_64-fedora-clang | 2.0.1 | 214.42 | NOTE | |||
r-devel-linux-x86_64-fedora-gcc | 2.0.1 | 199.77 | NOTE | |||
r-devel-macos-arm64 | 2.0.1 | 59.00 | OK | |||
r-devel-macos-x86_64 | 2.0.1 | 112.00 | NOTE | |||
r-devel-windows-x86_64 | 2.0.1 | 14.00 | 148.00 | 162.00 | NOTE | |
r-patched-linux-x86_64 | 2.0.1 | 17.86 | 115.28 | 133.14 | NOTE | |
r-release-linux-x86_64 | 2.0.1 | 11.68 | 115.14 | 126.82 | NOTE | |
r-release-macos-arm64 | 2.0.1 | 57.00 | NOTE | |||
r-release-macos-x86_64 | 2.0.1 | 89.00 | NOTE | |||
r-release-windows-x86_64 | 2.0.1 | 14.00 | 138.00 | 152.00 | NOTE | |
r-oldrel-macos-arm64 | 2.0.1 | 60.00 | NOTE | |||
r-oldrel-macos-x86_64 | 2.0.1 | 129.00 | NOTE | |||
r-oldrel-windows-x86_64 | 2.0.1 | 19.00 | 181.00 | 200.00 | NOTE |
Version: 2.0.1
Check: DESCRIPTION meta-information
Result: NOTE
Missing dependency on R >= 4.1.0 because package code uses the pipe
|> or function shorthand \(...) syntax added in R 4.1.0.
File(s) using such syntax:
‘aggregate.R’ ‘append_rows.R’ ‘class_intervals.R’ ‘extract_dt_comp.R’
‘helpers.R’ ‘join_data.R’ ‘mutate.R’ ‘read_text.R’ ‘separate_var.R’
‘sort_vars.R’
Flavors: r-devel-linux-x86_64-debian-clang, r-devel-linux-x86_64-debian-gcc, r-devel-linux-x86_64-fedora-clang, r-devel-linux-x86_64-fedora-gcc, r-devel-macos-x86_64, r-devel-windows-x86_64
Version: 2.0.1
Check: Rd cross-references
Result: NOTE
Found the following Rd file(s) with Rd \link{} targets missing package
anchors:
survey_IQR.Rd: srvyr
Please provide package anchors for all Rd \link{} targets not in the
package itself and the base packages.
Flavors: r-devel-linux-x86_64-debian-clang, r-devel-linux-x86_64-debian-gcc, r-devel-windows-x86_64
Version: 2.0.1
Check: package dependencies
Result: NOTE
Package suggested but not available for checking: ‘surveyspec’
Flavors: r-patched-linux-x86_64, r-release-linux-x86_64, r-release-macos-arm64, r-release-macos-x86_64, r-release-windows-x86_64, r-oldrel-macos-arm64, r-oldrel-macos-x86_64, r-oldrel-windows-x86_64