Last updated on 2025-04-30 04:50:09 CEST.
Flavor | Version | Tinstall | Tcheck | Ttotal | Status | Flags |
---|---|---|---|---|---|---|
r-devel-linux-x86_64-debian-clang | 1.2.1 | 7.48 | 62.20 | 69.68 | NOTE | |
r-devel-linux-x86_64-debian-gcc | 1.2.1 | 4.43 | 45.26 | 49.69 | NOTE | |
r-devel-linux-x86_64-fedora-clang | 1.2.1 | 105.20 | OK | |||
r-devel-linux-x86_64-fedora-gcc | 1.2.1 | 104.92 | OK | |||
r-devel-windows-x86_64 | 1.2.1 | 8.00 | 89.00 | 97.00 | OK | |
r-patched-linux-x86_64 | 1.2.1 | 7.47 | 59.48 | 66.95 | OK | |
r-release-linux-x86_64 | 1.2.1 | 6.86 | 59.58 | 66.44 | OK | |
r-release-macos-arm64 | 1.2.1 | 36.00 | OK | |||
r-release-macos-x86_64 | 1.2.1 | 59.00 | OK | |||
r-release-windows-x86_64 | 1.2.1 | 8.00 | 87.00 | 95.00 | OK | |
r-oldrel-macos-arm64 | 1.2.1 | 32.00 | OK | |||
r-oldrel-macos-x86_64 | 1.2.1 | 52.00 | OK | |||
r-oldrel-windows-x86_64 | 1.2.1 | 10.00 | 95.00 | 105.00 | OK |
Version: 1.2.1
Check: CRAN incoming feasibility
Result: NOTE
Maintainer: ‘Eufrasio de A. Lima Neto <eufrasio@de.ufpb.br>’
No Authors@R field in DESCRIPTION.
Please add one, modifying
Authors@R: c(person(given = c("Eufrasio", "de", "A.", "Lima", "Neto", "/", "Claudio", "A.", "V.", "de", "Souza", "Filho", "/", "Pedro", "R.", "D."),
family = "Marinho",
role = "aut"),
person(given = c("Eufrasio", "de", "A.", "Lima"),
family = "Neto",
role = "cre",
email = "eufrasio@de.ufpb.br"))
as necessary.
Flavors: r-devel-linux-x86_64-debian-clang, r-devel-linux-x86_64-debian-gcc