Last updated on 2025-07-05 04:50:17 CEST.
Flavor | Version | Tinstall | Tcheck | Ttotal | Status | Flags |
---|---|---|---|---|---|---|
r-devel-linux-x86_64-debian-clang | 1.0.2 | 15.10 | 264.16 | 279.26 | OK | |
r-devel-linux-x86_64-debian-gcc | 1.0.2 | 10.13 | 164.31 | 174.44 | OK | |
r-devel-linux-x86_64-fedora-clang | 1.0.2 | 447.13 | OK | |||
r-devel-linux-x86_64-fedora-gcc | 1.0.2 | 432.14 | OK | |||
r-devel-windows-x86_64 | 1.0.2 | 15.00 | 217.00 | 232.00 | OK | |
r-patched-linux-x86_64 | 1.0.2 | 15.10 | 243.31 | 258.41 | OK | |
r-release-linux-x86_64 | 1.0.2 | 13.35 | 241.71 | 255.06 | OK | |
r-release-macos-arm64 | 1.0.2 | 114.00 | OK | |||
r-release-macos-x86_64 | 1.0.2 | 315.00 | OK | |||
r-release-windows-x86_64 | 1.0.2 | 4.00 | 5.00 | 9.00 | ERROR | |
r-oldrel-macos-arm64 | 1.0.2 | 100.00 | OK | |||
r-oldrel-macos-x86_64 | 1.0.2 | 200.00 | OK | |||
r-oldrel-windows-x86_64 | 1.0.2 | 21.00 | 288.00 | 309.00 | OK |
Version: 1.0.2
Check: whether package can be installed
Result: ERROR
Installation failed.
Flavor: r-release-windows-x86_64